Last updated on 2022-06-26 15:53:16 CEST.
Flavor | Version | Tinstall | Tcheck | Ttotal | Status | Flags |
---|---|---|---|---|---|---|
r-devel-linux-x86_64-debian-clang | 1.1.0 | 149.10 | 132.53 | 281.63 | NOTE | |
r-devel-linux-x86_64-debian-gcc | 1.1.0 | 127.01 | 106.52 | 233.53 | NOTE | |
r-devel-linux-x86_64-fedora-clang | 1.1.0 | 445.25 | WARN | |||
r-devel-linux-x86_64-fedora-gcc | 1.1.0 | 298.53 | WARN | |||
r-devel-windows-x86_64 | 1.1.0 | 107.00 | 243.00 | 350.00 | NOTE | |
r-patched-linux-x86_64 | 1.1.0 | 129.53 | 130.39 | 259.92 | NOTE | |
r-release-linux-x86_64 | 1.1.0 | 103.30 | 132.59 | 235.89 | NOTE | |
r-release-macos-arm64 | 1.1.0 | 103.00 | NOTE | |||
r-release-macos-x86_64 | 1.1.0 | 189.00 | NOTE | |||
r-release-windows-x86_64 | 1.1.0 | 102.00 | 246.00 | 348.00 | NOTE | |
r-oldrel-macos-arm64 | 1.1.0 | 106.00 | NOTE | |||
r-oldrel-macos-x86_64 | 1.1.0 | 148.00 | NOTE | |||
r-oldrel-windows-ix86+x86_64 | 1.1.0 | 311.00 | 276.00 | 587.00 | NOTE |
Version: 1.1.0
Check: for GNU extensions in Makefiles
Result: NOTE
GNU make is a SystemRequirements.
Flavors: r-devel-linux-x86_64-debian-clang, r-devel-linux-x86_64-debian-gcc, r-devel-linux-x86_64-fedora-clang, r-devel-linux-x86_64-fedora-gcc, r-devel-windows-x86_64, r-patched-linux-x86_64, r-release-linux-x86_64, r-release-macos-arm64, r-release-macos-x86_64, r-release-windows-x86_64, r-oldrel-macos-arm64, r-oldrel-macos-x86_64, r-oldrel-windows-ix86+x86_64
Version: 1.1.0
Check: package dependencies
Result: WARN
Requires orphaned package: ‘gtools’
Flavors: r-devel-linux-x86_64-fedora-clang, r-devel-linux-x86_64-fedora-gcc
Version: 1.1.0
Check: installed package size
Result: NOTE
installed size is 24.3Mb
sub-directories of 1Mb or more:
libs 23.7Mb
Flavors: r-devel-linux-x86_64-fedora-clang, r-release-macos-arm64, r-release-macos-x86_64, r-oldrel-macos-arm64, r-oldrel-macos-x86_64
Version: 1.1.0
Check: dependencies in R code
Result: NOTE
Namespaces in Imports field not imported from:
‘RcppParallel’ ‘rstantools’
All declared Imports should be used.
Flavors: r-devel-linux-x86_64-fedora-clang, r-devel-linux-x86_64-fedora-gcc, r-release-macos-arm64, r-release-macos-x86_64, r-oldrel-macos-arm64, r-oldrel-macos-x86_64
Version: 1.1.0
Check: Rd cross-references
Result: NOTE
Undeclared package ‘loo’ in Rd xrefs
Flavor: r-devel-linux-x86_64-fedora-clang