CRAN Package Check Results for Package zetadiv

Last updated on 2022-01-16 15:48:45 CET.

Flavor Version Tinstall Tcheck Ttotal Status Flags
r-devel-linux-x86_64-debian-clang 1.2.0 15.14 143.73 158.87 OK
r-devel-linux-x86_64-debian-gcc 1.2.0 13.78 104.76 118.54 OK
r-devel-linux-x86_64-fedora-clang 1.2.0 228.56 OK
r-devel-linux-x86_64-fedora-gcc 1.2.0 195.28 OK
r-devel-windows-x86_64-new-UL 1.2.0 58.00 150.00 208.00 OK
r-devel-windows-x86_64-new-TK 1.2.0 ERROR
r-patched-linux-x86_64 1.2.0 20.62 140.04 160.66 OK
r-release-linux-x86_64 1.2.0 OK
r-release-macos-arm64 1.2.0 OK
r-release-macos-x86_64 1.2.0 OK
r-release-windows-ix86+x86_64 1.2.0 31.00 187.00 218.00 OK
r-oldrel-macos-x86_64 1.2.0 OK
r-oldrel-windows-ix86+x86_64 1.2.0 30.00 187.00 217.00 OK

Check Details

Version: 1.2.0
Check: package dependencies
Result: ERROR
    Package required but not available: 'car'
    
    See section 'The DESCRIPTION file' in the 'Writing R Extensions'
    manual.
Flavor: r-devel-windows-x86_64-new-TK