Last updated on 2025-04-30 04:50:23 CEST.
Flavor | Version | Tinstall | Tcheck | Ttotal | Status | Flags |
---|---|---|---|---|---|---|
r-devel-linux-x86_64-debian-clang | 1.3.1 | 15.23 | 106.88 | 122.11 | NOTE | |
r-devel-linux-x86_64-debian-gcc | 1.3.1 | 10.13 | 76.65 | 86.78 | NOTE | |
r-devel-linux-x86_64-fedora-clang | 1.3.1 | 144.60 | OK | |||
r-devel-linux-x86_64-fedora-gcc | 1.3.1 | 167.13 | OK | |||
r-devel-windows-x86_64 | 1.3.1 | 15.00 | 108.00 | 123.00 | OK | |
r-patched-linux-x86_64 | 1.3.1 | 14.12 | 100.48 | 114.60 | OK | |
r-release-linux-x86_64 | 1.3.1 | 14.02 | 100.37 | 114.39 | OK | |
r-release-macos-arm64 | 1.3.1 | 49.00 | OK | |||
r-release-macos-x86_64 | 1.3.1 | 92.00 | OK | |||
r-release-windows-x86_64 | 1.3.1 | 15.00 | 105.00 | 120.00 | OK | |
r-oldrel-macos-arm64 | 1.3.1 | 52.00 | OK | |||
r-oldrel-macos-x86_64 | 1.3.1 | 72.00 | OK | |||
r-oldrel-windows-x86_64 | 1.3.1 | 19.00 | 135.00 | 154.00 | OK |
Version: 1.3.1
Check: CRAN incoming feasibility
Result: NOTE
Maintainer: ‘Emanuele Guidotti <emanuele.guidotti@hotmail.it>’
No Authors@R field in DESCRIPTION.
Please add one, modifying
Authors@R: c(person(given = c("YUIMA", "Project"),
family = "Team",
role = "aut"),
person(given = "Emanuele",
family = "Guidotti",
role = "cre",
email = "emanuele.guidotti@hotmail.it"))
as necessary.
Package CITATION file contains call(s) to old-style personList() or
as.personList(). Please use c() on person objects instead.
Package CITATION file contains call(s) to old-style citEntry(). Please
use bibentry() instead.
Flavors: r-devel-linux-x86_64-debian-clang, r-devel-linux-x86_64-debian-gcc