CRAN Package Check Results for Package ycevo

Last updated on 2024-02-23 15:52:34 CET.

Flavor Version Tinstall Tcheck Ttotal Status Flags
r-devel-linux-x86_64-debian-clang 0.1.2 NOTE
r-devel-linux-x86_64-debian-gcc 0.1.2 39.60 77.93 117.53 NOTE
r-devel-linux-x86_64-fedora-clang 0.1.2 203.40 NOTE
r-devel-linux-x86_64-fedora-gcc 0.1.2 198.93 NOTE
r-devel-windows-x86_64 0.1.2 40.00 112.00 152.00 NOTE
r-patched-linux-x86_64 0.1.2 50.13 101.28 151.41 NOTE
r-release-linux-x86_64 0.1.2 43.40 100.23 143.63 NOTE
r-release-macos-arm64 0.1.2 59.00 NOTE
r-release-macos-x86_64 0.1.2 102.00 NOTE
r-release-windows-x86_64 0.1.2 49.00 135.00 184.00 NOTE
r-oldrel-macos-arm64 0.1.2 61.00 OK
r-oldrel-windows-x86_64 0.1.2 46.00 131.00 177.00 OK

Check Details

Version: 0.1.2
Check: C++ specification
Result: NOTE Specified C++11: please drop specification unless essential Flavors: r-devel-linux-x86_64-debian-clang, r-devel-linux-x86_64-debian-gcc, r-devel-linux-x86_64-fedora-clang, r-devel-linux-x86_64-fedora-gcc, r-devel-windows-x86_64, r-patched-linux-x86_64, r-release-linux-x86_64, r-release-macos-arm64, r-release-macos-x86_64, r-release-windows-x86_64