Last updated on 2022-05-25 04:55:40 CEST.
Flavor | Version | Tinstall | Tcheck | Ttotal | Status | Flags |
---|---|---|---|---|---|---|
r-devel-linux-x86_64-debian-clang | 0.12.1 | 16.49 | 93.49 | 109.98 | NOTE | |
r-devel-linux-x86_64-debian-gcc | 0.12.1 | 12.02 | 70.08 | 82.10 | NOTE | |
r-devel-linux-x86_64-fedora-clang | 0.12.1 | 130.97 | NOTE | |||
r-devel-linux-x86_64-fedora-gcc | 0.12.1 | 119.72 | NOTE | |||
r-devel-windows-x86_64 | 0.12.1 | 99.00 | 151.00 | 250.00 | OK | |
r-patched-linux-x86_64 | 0.12.1 | 17.70 | 88.13 | 105.83 | NOTE | |
r-release-linux-x86_64 | 0.12.1 | NOTE | ||||
r-release-macos-arm64 | 0.12.1 | 43.00 | OK | |||
r-release-macos-x86_64 | 0.12.1 | 63.00 | OK | |||
r-release-windows-x86_64 | 0.12.1 | 88.00 | 153.00 | 241.00 | OK | |
r-oldrel-macos-arm64 | 0.12.1 | 51.00 | OK | |||
r-oldrel-macos-x86_64 | 0.12.1 | 89.00 | OK | |||
r-oldrel-windows-ix86+x86_64 | 0.12.1 | 49.00 | 154.00 | 203.00 | OK |
Version: 0.12.1
Check: package dependencies
Result: NOTE
Package suggested but not available for checking: 'fts'
Flavors: r-devel-linux-x86_64-debian-clang, r-devel-linux-x86_64-debian-gcc, r-devel-linux-x86_64-fedora-clang, r-devel-linux-x86_64-fedora-gcc, r-patched-linux-x86_64, r-release-linux-x86_64