CRAN Package Check Results for Package xsp

Last updated on 2021-10-22 15:53:26 CEST.

Flavor Version Tinstall Tcheck Ttotal Status Flags
r-devel-linux-x86_64-debian-clang 0.1.2 4.41 60.09 64.50 NOTE
r-devel-linux-x86_64-debian-gcc 0.1.2 3.87 43.20 47.07 NOTE
r-devel-linux-x86_64-fedora-clang 0.1.2 91.13 NOTE
r-devel-linux-x86_64-fedora-gcc 0.1.2 74.72 NOTE
r-devel-windows-x86_64 0.1.2 8.00 62.00 70.00 NOTE
r-devel-windows-x86_64-gcc10-UCRT 0.1.2 NOTE
r-patched-linux-x86_64 0.1.2 3.91 55.13 59.04 NOTE
r-patched-solaris-x86 0.1.2 109.80 NOTE
r-release-linux-x86_64 0.1.2 4.33 54.92 59.25 NOTE
r-release-macos-arm64 0.1.2 NOTE
r-release-macos-x86_64 0.1.2 NOTE
r-release-windows-ix86+x86_64 0.1.2 11.00 81.00 92.00 NOTE
r-oldrel-macos-x86_64 0.1.2 OK
r-oldrel-windows-ix86+x86_64 0.1.2 13.00 85.00 98.00 OK

Check Details

Version: 0.1.2
Check: LazyData
Result: NOTE
     'LazyData' is specified without a 'data' directory
Flavors: r-devel-linux-x86_64-debian-clang, r-devel-linux-x86_64-debian-gcc, r-devel-linux-x86_64-fedora-clang, r-devel-linux-x86_64-fedora-gcc, r-devel-windows-x86_64, r-devel-windows-x86_64-gcc10-UCRT, r-patched-linux-x86_64, r-patched-solaris-x86, r-release-linux-x86_64, r-release-macos-arm64, r-release-macos-x86_64, r-release-windows-ix86+x86_64