Last updated on 2023-01-31 04:06:38 CET.
Flavor | Version | Tinstall | Tcheck | Ttotal | Status | Flags |
---|---|---|---|---|---|---|
r-devel-linux-x86_64-debian-clang | 1.1.1 | 6.56 | 53.30 | 59.86 | NOTE | |
r-devel-linux-x86_64-debian-gcc | 1.1.1 | 5.17 | 36.65 | 41.82 | NOTE | |
r-devel-linux-x86_64-fedora-clang | 1.1.1 | 74.53 | NOTE | |||
r-devel-linux-x86_64-fedora-gcc | 1.1.1 | 84.70 | NOTE | |||
r-devel-windows-x86_64 | 1.1.1 | 13.00 | 77.00 | 90.00 | NOTE | |
r-patched-linux-x86_64 | 1.1.1 | 6.92 | 51.93 | 58.85 | NOTE | |
r-release-linux-x86_64 | 1.1.1 | 5.83 | 54.44 | 60.27 | NOTE | |
r-release-macos-arm64 | 1.1.1 | 21.00 | NOTE | |||
r-release-macos-x86_64 | 1.1.1 | 48.00 | NOTE | |||
r-release-windows-x86_64 | 1.1.1 | 13.00 | 89.00 | 102.00 | NOTE | |
r-oldrel-macos-arm64 | 1.1.1 | 27.00 | NOTE | |||
r-oldrel-macos-x86_64 | 1.1.1 | 35.00 | NOTE | |||
r-oldrel-windows-ix86+x86_64 | 1.1.1 | 16.00 | 80.00 | 96.00 | NOTE |
Version: 1.1.1
Check: LazyData
Result: NOTE
'LazyData' is specified without a 'data' directory
Flavors: r-devel-linux-x86_64-debian-clang, r-devel-linux-x86_64-debian-gcc, r-devel-linux-x86_64-fedora-clang, r-devel-linux-x86_64-fedora-gcc, r-devel-windows-x86_64, r-patched-linux-x86_64, r-release-linux-x86_64, r-release-macos-arm64, r-release-macos-x86_64, r-release-windows-x86_64, r-oldrel-macos-arm64, r-oldrel-macos-x86_64, r-oldrel-windows-ix86+x86_64
Version: 1.1.1
Check: dependencies in R code
Result: NOTE
Namespaces in Imports field not imported from:
‘qpdf’ ‘rlang’ ‘tibble’
All declared Imports should be used.
Flavors: r-devel-linux-x86_64-fedora-clang, r-devel-linux-x86_64-fedora-gcc, r-release-macos-arm64, r-release-macos-x86_64, r-oldrel-macos-arm64, r-oldrel-macos-x86_64