CRAN Package Check Results for Package xml2

Last updated on 2021-11-30 15:52:38 CET.

Flavor Version Tinstall Tcheck Ttotal Status Flags
r-devel-linux-x86_64-debian-clang 1.3.2 15.35 39.46 54.81 OK
r-devel-linux-x86_64-debian-gcc 1.3.2 11.52 31.28 42.80 OK
r-devel-linux-x86_64-fedora-clang 1.3.2 91.69 OK
r-devel-linux-x86_64-fedora-gcc 1.3.2 67.99 OK
r-devel-windows-x86_64-new-UL 1.3.2 41.00 109.00 150.00 ERROR
r-devel-windows-x86_64-new-TK 1.3.2 ERROR
r-devel-windows-x86_64-old 1.3.2 23.00 57.00 80.00 OK
r-patched-linux-x86_64 1.3.2 14.95 37.92 52.87 OK
r-patched-solaris-x86 1.3.2 90.00 OK
r-release-linux-x86_64 1.3.2 14.40 38.16 52.56 OK
r-release-macos-arm64 1.3.2 NOTE
r-release-macos-x86_64 1.3.2 NOTE
r-release-windows-ix86+x86_64 1.3.2 41.00 67.00 108.00 NOTE
r-oldrel-macos-x86_64 1.3.2 WARN
r-oldrel-windows-ix86+x86_64 1.3.2 34.00 87.00 121.00 NOTE

Check Details

Version: 1.3.2
Check: tests
Result: ERROR
     Running 'testthat.R' [5s]
    Running the tests in 'tests/testthat.R' failed.
    Complete output:
     > library(testthat)
     > library(xml2)
     >
     > is_solaris <- tolower(Sys.info()[["sysname"]]) == "sunos"
     >
     > if (!is_solaris) {
     + test_check("xml2")
     + }
     This is libxml2 version 2.9.10
     ══ Skipped tests ═══════════════════════════════════════════════════════════════
     • On CRAN (3)
    
     ══ Failed tests ════════════════════════════════════════════════════════════════
     ── Failure (test-write_xml.R:6:3): write_xml errors for incorrect directory and with invalid inputs ──
     `write_xml(x, filename)` did not throw an error.
    
     [ FAIL 1 | WARN 0 | SKIP 3 | PASS 398 ]
     Error: Test failures
     Execution halted
Flavor: r-devel-windows-x86_64-new-UL

Version: 1.3.2
Check: tests
Result: ERROR
     Running 'testthat.R'
    Running the tests in 'tests/testthat.R' failed.
    Complete output:
     > library(testthat)
     > library(xml2)
     >
     > is_solaris <- tolower(Sys.info()[["sysname"]]) == "sunos"
     >
     > if (!is_solaris) {
     + test_check("xml2")
     + }
     This is libxml2 version 2.9.10
     ══ Skipped tests ═══════════════════════════════════════════════════════════════
     • On CRAN (3)
    
     ══ Failed tests ════════════════════════════════════════════════════════════════
     ── Failure (test-write_xml.R:6:3): write_xml errors for incorrect directory and with invalid inputs ──
     `write_xml(x, filename)` did not throw an error.
    
     [ FAIL 1 | WARN 0 | SKIP 3 | PASS 398 ]
     Error: Test failures
     Execution halted
Flavor: r-devel-windows-x86_64-new-TK

Version: 1.3.2
Check: installed package size
Result: NOTE
     installed size is 7.1Mb
     sub-directories of 1Mb or more:
     libs 6.7Mb
Flavors: r-release-macos-arm64, r-release-macos-x86_64, r-release-windows-ix86+x86_64, r-oldrel-macos-x86_64, r-oldrel-windows-ix86+x86_64

Version: 1.3.2
Check: re-building of vignette outputs
Result: WARN
    Error(s) in re-building vignettes:
     ...
    --- re-building ‘modification.Rmd’ using rmarkdown
    Warning in engine$weave(file, quiet = quiet, encoding = enc) :
     Pandoc (>= 1.12.3) and/or pandoc-citeproc not available. Falling back to R Markdown v1.
    Error: processing vignette 'modification.Rmd' failed with diagnostics:
    there is no package called 'stringi'
    --- failed re-building ‘modification.Rmd’
    
    SUMMARY: processing the following file failed:
     ‘modification.Rmd’
    
    Error: Vignette re-building failed.
    Execution halted
Flavor: r-oldrel-macos-x86_64