CRAN Package Check Results for Package xlsxjars

Last updated on 2022-01-18 03:52:31 CET.

Flavor Version Tinstall Tcheck Ttotal Status Flags
r-devel-linux-x86_64-debian-clang 0.6.1 3.02 38.31 41.33 OK
r-devel-linux-x86_64-debian-gcc 0.6.1 3.10 29.49 32.59 OK
r-devel-linux-x86_64-fedora-clang 0.6.1 54.81 NOTE
r-devel-linux-x86_64-fedora-gcc 0.6.1 39.16 OK
r-devel-windows-x86_64-new-UL 0.6.1 26.00 53.00 79.00 NOTE
r-devel-windows-x86_64-new-TK 0.6.1 OK
r-patched-linux-x86_64 0.6.1 3.96 36.74 40.70 OK
r-release-linux-x86_64 0.6.1 OK
r-release-macos-arm64 0.6.1 NOTE
r-release-macos-x86_64 0.6.1 NOTE
r-release-windows-ix86+x86_64 0.6.1 9.00 48.00 57.00 NOTE
r-oldrel-macos-x86_64 0.6.1 NOTE
r-oldrel-windows-ix86+x86_64 0.6.1 8.00 49.00 57.00 NOTE

Check Details

Version: 0.6.1
Check: installed package size
Result: NOTE
     installed size is 10.8Mb
     sub-directories of 1Mb or more:
     java 10.7Mb
Flavors: r-devel-linux-x86_64-fedora-clang, r-devel-windows-x86_64-new-UL, r-release-macos-arm64, r-release-macos-x86_64, r-release-windows-ix86+x86_64, r-oldrel-macos-x86_64, r-oldrel-windows-ix86+x86_64