Last updated on 2023-02-05 15:55:32 CET.
Flavor | Version | Tinstall | Tcheck | Ttotal | Status | Flags |
---|---|---|---|---|---|---|
r-devel-linux-x86_64-debian-clang | 1.0.1 | 8.37 | 79.02 | 87.39 | NOTE | |
r-devel-linux-x86_64-debian-gcc | 1.0.1 | 7.21 | 59.52 | 66.73 | NOTE | |
r-devel-linux-x86_64-fedora-clang | 1.0.1 | 107.92 | NOTE | |||
r-devel-linux-x86_64-fedora-gcc | 1.0.1 | 127.82 | NOTE | |||
r-devel-windows-x86_64 | 1.0.1 | 15.00 | 102.00 | 117.00 | NOTE | |
r-patched-linux-x86_64 | 1.0.1 | 9.07 | 73.99 | 83.06 | OK | |
r-release-linux-x86_64 | 1.0.1 | 8.15 | 76.97 | 85.12 | OK | |
r-release-macos-arm64 | 1.0.1 | 33.00 | OK | |||
r-release-macos-x86_64 | 1.0.1 | 49.00 | OK | |||
r-release-windows-x86_64 | 1.0.1 | 16.00 | 113.00 | 129.00 | OK | |
r-oldrel-macos-arm64 | 1.0.1 | 39.00 | OK | |||
r-oldrel-macos-x86_64 | 1.0.1 | 64.00 | OK | |||
r-oldrel-windows-ix86+x86_64 | 1.0.1 | 18.00 | 106.00 | 124.00 | OK |
Version: 1.0.1
Check: package subdirectories
Result: NOTE
Problems with news in ‘NEWS.md’:
No news entries found.
Flavors: r-devel-linux-x86_64-debian-clang, r-devel-linux-x86_64-debian-gcc, r-devel-linux-x86_64-fedora-clang, r-devel-linux-x86_64-fedora-gcc, r-devel-windows-x86_64