CRAN Package Check Results for Package xesreadR

Last updated on 2023-02-06 03:54:49 CET.

Flavor Version Tinstall Tcheck Ttotal Status Flags
r-devel-linux-x86_64-debian-clang 0.2.3 9.29 74.31 83.60 NOTE
r-devel-linux-x86_64-debian-gcc 0.2.3 8.38 55.56 63.94 NOTE
r-devel-linux-x86_64-fedora-clang 0.2.3 111.45 NOTE
r-devel-linux-x86_64-fedora-gcc 0.2.3 122.17 NOTE
r-devel-windows-x86_64 0.2.3 14.00 101.00 115.00 NOTE
r-patched-linux-x86_64 0.2.3 8.20 75.35 83.55 NOTE
r-release-linux-x86_64 0.2.3 9.88 75.01 84.89 NOTE
r-release-macos-arm64 0.2.3 31.00 NOTE
r-release-macos-x86_64 0.2.3 52.00 NOTE
r-release-windows-x86_64 0.2.3 18.00 115.00 133.00 NOTE
r-oldrel-macos-arm64 0.2.3 37.00 NOTE
r-oldrel-macos-x86_64 0.2.3 47.00 NOTE
r-oldrel-windows-ix86+x86_64 0.2.3 23.00 107.00 130.00 NOTE

Check Details

Version: 0.2.3
Check: LazyData
Result: NOTE
     'LazyData' is specified without a 'data' directory
Flavors: r-devel-linux-x86_64-debian-clang, r-devel-linux-x86_64-debian-gcc, r-devel-linux-x86_64-fedora-clang, r-devel-linux-x86_64-fedora-gcc, r-devel-windows-x86_64, r-patched-linux-x86_64, r-release-linux-x86_64, r-release-macos-arm64, r-release-macos-x86_64, r-release-windows-x86_64, r-oldrel-macos-arm64, r-oldrel-macos-x86_64, r-oldrel-windows-ix86+x86_64