CRAN Package Check Results for Package x13binary

Last updated on 2022-01-16 15:48:45 CET.

Flavor Version Tinstall Tcheck Ttotal Status Flags
r-devel-linux-x86_64-debian-clang 1.1.57-2 2.67 30.24 32.91 OK
r-devel-linux-x86_64-debian-gcc 1.1.57-2 2.37 24.02 26.39 OK
r-devel-linux-x86_64-fedora-clang 1.1.57-2 44.91 NOTE
r-devel-linux-x86_64-fedora-gcc 1.1.57-2 31.96 OK
r-devel-windows-x86_64-new-UL 1.1.57-2 24.00 48.00 72.00 OK
r-devel-windows-x86_64-new-TK 1.1.57-2 OK
r-patched-linux-x86_64 1.1.57-2 2.93 29.52 32.45 OK
r-release-linux-x86_64 1.1.57-2 OK
r-release-macos-arm64 1.1.57-2 NOTE
r-release-macos-x86_64 1.1.57-2 NOTE
r-release-windows-ix86+x86_64 1.1.57-2 7.00 26.00 33.00 OK
r-oldrel-macos-x86_64 1.1.57-2 NOTE
r-oldrel-windows-ix86+x86_64 1.1.57-2 7.00 26.00 33.00 OK

Check Details

Version: 1.1.57-2
Check: installed package size
Result: NOTE
     installed size is 5.8Mb
     sub-directories of 1Mb or more:
     bin 5.7Mb
Flavors: r-devel-linux-x86_64-fedora-clang, r-release-macos-arm64, r-release-macos-x86_64, r-oldrel-macos-x86_64