CRAN Package Check Results for Package worrms

Last updated on 2021-12-05 03:59:44 CET.

Flavor Version Tinstall Tcheck Ttotal Status Flags
r-devel-linux-x86_64-debian-clang 0.4.2 2.58 49.23 51.81 NOTE
r-devel-linux-x86_64-debian-gcc 0.4.2 2.17 37.26 39.43 NOTE
r-devel-linux-x86_64-fedora-clang 0.4.2 66.96 NOTE
r-devel-linux-x86_64-fedora-gcc 0.4.2 53.13 NOTE
r-devel-windows-x86_64-new-UL 0.4.2 14.00 82.00 96.00 NOTE
r-devel-windows-x86_64-new-TK 0.4.2 NOTE
r-devel-windows-x86_64-old 0.4.2 5.00 46.00 51.00 NOTE
r-patched-linux-x86_64 0.4.2 3.36 38.66 42.02 NOTE
r-release-linux-x86_64 0.4.2 2.87 40.08 42.95 NOTE
r-release-macos-arm64 0.4.2 NOTE
r-release-macos-x86_64 0.4.2 NOTE
r-release-windows-ix86+x86_64 0.4.2 6.00 57.00 63.00 NOTE
r-oldrel-macos-x86_64 0.4.2 OK
r-oldrel-windows-ix86+x86_64 0.4.2 6.00 61.00 67.00 OK

Check Details

Version: 0.4.2
Check: LazyData
Result: NOTE
     'LazyData' is specified without a 'data' directory
Flavors: r-devel-linux-x86_64-debian-clang, r-devel-linux-x86_64-debian-gcc, r-devel-linux-x86_64-fedora-clang, r-devel-linux-x86_64-fedora-gcc, r-devel-windows-x86_64-new-UL, r-devel-windows-x86_64-new-TK, r-devel-windows-x86_64-old, r-patched-linux-x86_64, r-release-linux-x86_64, r-release-macos-arm64, r-release-macos-x86_64, r-release-windows-ix86+x86_64