CRAN Package Check Results for Package wordpiece

Last updated on 2024-07-14 03:55:25 CEST.

Flavor Version Tinstall Tcheck Ttotal Status Flags
r-devel-linux-x86_64-debian-clang 2.1.3 2.87 40.39 43.26 NOTE
r-devel-linux-x86_64-debian-gcc 2.1.3 2.17 30.98 33.15 NOTE
r-devel-linux-x86_64-fedora-clang 2.1.3 56.30 NOTE
r-devel-linux-x86_64-fedora-gcc 2.1.3 65.40 NOTE
r-devel-windows-x86_64 2.1.3 4.00 60.00 64.00 NOTE
r-patched-linux-x86_64 2.1.3 2.96 39.00 41.96 NOTE
r-release-linux-x86_64 2.1.3 3.06 38.91 41.97 NOTE
r-release-macos-arm64 2.1.3 29.00 NOTE
r-release-macos-x86_64 2.1.3 37.00 NOTE
r-release-windows-x86_64 2.1.3 4.00 60.00 64.00 NOTE
r-oldrel-macos-arm64 2.1.3 27.00 OK
r-oldrel-macos-x86_64 2.1.3 40.00 OK
r-oldrel-windows-x86_64 2.1.3 5.00 61.00 66.00 OK

Check Details

Version: 2.1.3
Check: Rd files
Result: NOTE checkRd: (-1) wordpiece_cache_dir.Rd:16-17: Lost braces in \itemize; meant \describe ? checkRd: (-1) wordpiece_cache_dir.Rd:18-19: Lost braces in \itemize; meant \describe ? checkRd: (-1) wordpiece_cache_dir.Rd:20-21: Lost braces in \itemize; meant \describe ? Flavors: r-devel-linux-x86_64-debian-clang, r-devel-linux-x86_64-debian-gcc, r-devel-linux-x86_64-fedora-clang, r-devel-linux-x86_64-fedora-gcc, r-devel-windows-x86_64, r-patched-linux-x86_64, r-release-linux-x86_64, r-release-macos-arm64, r-release-macos-x86_64, r-release-windows-x86_64