CRAN Package Check Results for Package wordgraph

Last updated on 2022-01-18 03:52:31 CET.

Flavor Version Tinstall Tcheck Ttotal Status Flags
r-devel-linux-x86_64-debian-clang 0.1.0 2.83 36.50 39.33 OK
r-devel-linux-x86_64-debian-gcc 0.1.0 2.30 28.51 30.81 OK
r-devel-linux-x86_64-fedora-clang 0.1.0 51.75 NOTE
r-devel-linux-x86_64-fedora-gcc 0.1.0 37.66 NOTE
r-devel-windows-x86_64-new-UL 0.1.0 39.00 74.00 113.00 OK
r-devel-windows-x86_64-new-TK 0.1.0 NOTE
r-patched-linux-x86_64 0.1.0 2.86 34.83 37.69 OK
r-release-linux-x86_64 0.1.0 OK
r-release-macos-arm64 0.1.0 NOTE
r-release-macos-x86_64 0.1.0 NOTE
r-release-windows-ix86+x86_64 0.1.0 8.00 46.00 54.00 OK
r-oldrel-macos-x86_64 0.1.0 NOTE
r-oldrel-windows-ix86+x86_64 0.1.0 7.00 46.00 53.00 OK

Check Details

Version: 0.1.0
Check: data for non-ASCII characters
Result: NOTE
     Note: found 6738 marked UTF-8 strings
Flavors: r-devel-linux-x86_64-fedora-clang, r-devel-linux-x86_64-fedora-gcc, r-devel-windows-x86_64-new-TK, r-release-macos-arm64, r-release-macos-x86_64, r-oldrel-macos-x86_64