Last updated on 2023-02-06 03:54:49 CET.
Flavor | Version | Tinstall | Tcheck | Ttotal | Status | Flags |
---|---|---|---|---|---|---|
r-devel-linux-x86_64-debian-clang | 1.0.5 | 266.69 | 287.21 | 553.90 | OK | |
r-devel-linux-x86_64-debian-gcc | 1.0.5 | 199.25 | 228.23 | 427.48 | OK | |
r-devel-linux-x86_64-fedora-clang | 1.0.5 | 755.24 | OK | |||
r-devel-linux-x86_64-fedora-gcc | 1.0.5 | 740.34 | OK | |||
r-devel-windows-x86_64 | 1.0.5 | 190.00 | 328.00 | 518.00 | OK | |
r-patched-linux-x86_64 | 1.0.5 | 210.26 | 240.01 | 450.27 | OK | |
r-release-linux-x86_64 | 1.0.5 | 216.50 | 247.12 | 463.62 | OK | |
r-release-macos-arm64 | 1.0.5 | 173.00 | NOTE | |||
r-release-macos-x86_64 | 1.0.5 | 209.00 | NOTE | |||
r-release-windows-x86_64 | 1.0.5 | 193.00 | 295.00 | 488.00 | OK | |
r-oldrel-macos-arm64 | 1.0.5 | 155.00 | NOTE | |||
r-oldrel-macos-x86_64 | 1.0.5 | 208.00 | NOTE | |||
r-oldrel-windows-ix86+x86_64 | 1.0.5 | 623.00 | 424.00 | 1047.00 | OK |
Version: 1.0.5
Check: installed package size
Result: NOTE
installed size is 9.4Mb
sub-directories of 1Mb or more:
libs 8.6Mb
Flavors: r-release-macos-arm64, r-release-macos-x86_64, r-oldrel-macos-arm64, r-oldrel-macos-x86_64