CRAN Package Check Results for Package wkutils

Last updated on 2024-06-19 03:50:43 CEST.

Flavor Version Tinstall Tcheck Ttotal Status Flags
r-devel-linux-x86_64-debian-clang 0.1.3 95.58 38.15 133.73 NOTE
r-devel-linux-x86_64-debian-gcc 0.1.3 66.87 29.16 96.03 NOTE
r-devel-linux-x86_64-fedora-clang 0.1.3 201.91 NOTE
r-devel-linux-x86_64-fedora-gcc 0.1.3 215.21 NOTE
r-devel-windows-x86_64 0.1.3 81.00 76.00 157.00 NOTE
r-patched-linux-x86_64 0.1.3 94.46 37.27 131.73 NOTE
r-release-linux-x86_64 0.1.3 90.57 37.62 128.19 NOTE
r-release-macos-arm64 0.1.3 42.00 NOTE
r-release-macos-x86_64 0.1.3 46.00 NOTE
r-release-windows-x86_64 0.1.3 80.00 78.00 158.00 NOTE
r-oldrel-macos-arm64 0.1.3 54.00 NOTE
r-oldrel-macos-x86_64 0.1.3 84.00 NOTE
r-oldrel-windows-x86_64 0.1.3 97.00 91.00 188.00 NOTE

Check Details

Version: 0.1.3
Check: C++ specification
Result: NOTE Specified C++11: please drop specification unless essential Flavors: r-devel-linux-x86_64-debian-clang, r-devel-linux-x86_64-debian-gcc, r-devel-linux-x86_64-fedora-clang, r-devel-linux-x86_64-fedora-gcc, r-devel-windows-x86_64, r-patched-linux-x86_64, r-release-linux-x86_64, r-release-macos-arm64, r-release-macos-x86_64, r-release-windows-x86_64, r-oldrel-macos-arm64, r-oldrel-macos-x86_64, r-oldrel-windows-x86_64