CRAN Package Check Results for Package wiqid

Last updated on 2024-07-17 04:50:12 CEST.

Flavor Version Tinstall Tcheck Ttotal Status Flags
r-devel-linux-x86_64-debian-clang 0.3.3 11.39 115.45 126.84 OK
r-devel-linux-x86_64-debian-gcc 0.3.3 9.60 78.41 88.01 OK
r-devel-linux-x86_64-fedora-clang 0.3.3 158.97 OK
r-devel-linux-x86_64-fedora-gcc 0.3.3 140.72 OK
r-devel-windows-x86_64 0.3.3 10.00 103.00 113.00 NOTE
r-patched-linux-x86_64 0.3.3 13.94 108.73 122.67 OK
r-release-linux-x86_64 0.3.3 12.48 110.92 123.40 OK
r-release-macos-arm64 0.3.3 40.00 OK
r-release-macos-x86_64 0.3.3 73.00 OK
r-release-windows-x86_64 0.3.3 10.00 103.00 113.00 OK
r-oldrel-macos-arm64 0.3.3 43.00 OK
r-oldrel-macos-x86_64 0.3.3 71.00 OK
r-oldrel-windows-x86_64 0.3.3 13.00 117.00 130.00 OK

Check Details

Version: 0.3.3
Check: Rd cross-references
Result: NOTE Found the following Rd file(s) with Rd \link{} targets missing package anchors: plotComb.Rd: hdi plot_Bwiqid.Rd: postPlot Please provide package anchors for all Rd \link{} targets not in the package itself and the base packages. Flavor: r-devel-windows-x86_64