CRAN Package Check Results for Package windsoraiR

Last updated on 2021-10-24 15:51:22 CEST.

Flavor Version Tinstall Tcheck Ttotal Status Flags
r-devel-linux-x86_64-debian-clang 0.1.2 1.85 25.62 27.47 OK
r-devel-linux-x86_64-debian-gcc 0.1.2 1.30 19.79 21.09 OK
r-devel-linux-x86_64-fedora-clang 0.1.2 43.95 NOTE
r-devel-linux-x86_64-fedora-gcc 0.1.2 32.98 NOTE
r-devel-windows-x86_64 0.1.2 4.00 37.00 41.00 OK
r-devel-windows-x86_64-gcc10-UCRT 0.1.2 NOTE
r-patched-linux-x86_64 0.1.2 1.83 24.18 26.01 OK
r-patched-solaris-x86 0.1.2 50.40 NOTE
r-release-linux-x86_64 0.1.2 1.67 24.24 25.91 OK
r-release-macos-arm64 0.1.2 NOTE
r-release-macos-x86_64 0.1.2 NOTE
r-release-windows-ix86+x86_64 0.1.2 4.00 41.00 45.00 OK
r-oldrel-macos-x86_64 0.1.2 NOTE
r-oldrel-windows-ix86+x86_64 0.1.2 5.00 46.00 51.00 OK

Check Details

Version: 0.1.2
Check: data for non-ASCII characters
Result: NOTE
     Note: found 1 marked UTF-8 string
Flavors: r-devel-linux-x86_64-fedora-clang, r-devel-linux-x86_64-fedora-gcc, r-devel-windows-x86_64-gcc10-UCRT, r-patched-solaris-x86, r-release-macos-arm64, r-release-macos-x86_64, r-oldrel-macos-x86_64