CRAN Package Check Results for Package weed

Last updated on 2021-12-01 03:55:46 CET.

Flavor Version Tinstall Tcheck Ttotal Status Flags
r-devel-linux-x86_64-debian-clang 1.1.1 2.41 28.92 31.33 OK
r-devel-linux-x86_64-debian-gcc 1.1.1 1.94 22.69 24.63 OK
r-devel-linux-x86_64-fedora-clang 1.1.1 50.83 NOTE
r-devel-linux-x86_64-fedora-gcc 1.1.1 38.11 NOTE
r-devel-windows-x86_64-new-UL 1.1.1 8.00 70.00 78.00 OK
r-devel-windows-x86_64-new-TK 1.1.1 NOTE
r-devel-windows-x86_64-old 1.1.1 6.00 40.00 46.00 OK
r-patched-linux-x86_64 1.1.1 2.43 27.69 30.12 OK
r-patched-solaris-x86 1.1.1 57.80 NOTE
r-release-linux-x86_64 1.1.1 2.24 27.82 30.06 OK
r-release-macos-arm64 1.1.1 NOTE
r-release-macos-x86_64 1.1.1 NOTE
r-release-windows-ix86+x86_64 1.1.1 7.00 40.00 47.00 OK
r-oldrel-macos-x86_64 1.1.1 NOTE
r-oldrel-windows-ix86+x86_64 1.1.1 5.00 41.00 46.00 OK

Check Details

Version: 1.1.1
Check: dependencies in R code
Result: NOTE
    Namespaces in Imports field not imported from:
     ‘here’ ‘rgeos’ ‘tibble’
     All declared Imports should be used.
Flavors: r-devel-linux-x86_64-fedora-clang, r-devel-linux-x86_64-fedora-gcc, r-devel-windows-x86_64-new-TK, r-patched-solaris-x86, r-release-macos-arm64, r-release-macos-x86_64, r-oldrel-macos-x86_64