Last updated on 2023-02-05 03:54:04 CET.
Flavor | Version | Tinstall | Tcheck | Ttotal | Status | Flags |
---|---|---|---|---|---|---|
r-devel-linux-x86_64-debian-clang | 1.4.1 | 87.08 | 37.87 | 124.95 | NOTE | |
r-devel-linux-x86_64-debian-gcc | 1.4.1 | 68.75 | 28.76 | 97.51 | NOTE | |
r-devel-linux-x86_64-fedora-clang | 1.4.1 | 160.39 | NOTE | |||
r-devel-linux-x86_64-fedora-gcc | 1.4.1 | 191.64 | NOTE | |||
r-devel-windows-x86_64 | 1.4.1 | 246.00 | 145.00 | 391.00 | NOTE | |
r-patched-linux-x86_64 | 1.4.1 | 78.84 | 37.29 | 116.13 | NOTE | |
r-release-linux-x86_64 | 1.4.1 | 72.44 | 36.52 | 108.96 | NOTE | |
r-release-macos-arm64 | 1.4.1 | 57.00 | NOTE | |||
r-release-macos-x86_64 | 1.4.1 | 80.00 | NOTE | |||
r-release-windows-x86_64 | 1.4.1 | 239.00 | 141.00 | 380.00 | NOTE | |
r-oldrel-macos-arm64 | 1.4.1 | 66.00 | NOTE | |||
r-oldrel-macos-x86_64 | 1.4.1 | 75.00 | NOTE | |||
r-oldrel-windows-ix86+x86_64 | 1.4.1 | 381.00 | 144.00 | 525.00 | NOTE |
Version: 1.4.1
Check: C++ specification
Result: NOTE
Specified C++11: please update to current default of C++17
Flavors: r-devel-linux-x86_64-debian-clang, r-devel-linux-x86_64-debian-gcc, r-devel-linux-x86_64-fedora-clang, r-devel-linux-x86_64-fedora-gcc, r-devel-windows-x86_64
Version: 1.4.1
Check: for GNU extensions in Makefiles
Result: NOTE
GNU make is a SystemRequirements.
Flavors: r-devel-linux-x86_64-debian-clang, r-devel-linux-x86_64-debian-gcc, r-devel-linux-x86_64-fedora-clang, r-devel-linux-x86_64-fedora-gcc, r-devel-windows-x86_64, r-patched-linux-x86_64, r-release-linux-x86_64, r-release-macos-arm64, r-release-macos-x86_64, r-release-windows-x86_64, r-oldrel-macos-arm64, r-oldrel-macos-x86_64, r-oldrel-windows-ix86+x86_64
Version: 1.4.1
Check: installed package size
Result: NOTE
installed size is 6.1Mb
sub-directories of 1Mb or more:
libs 6.0Mb
Flavors: r-devel-windows-x86_64, r-release-macos-arm64, r-release-macos-x86_64, r-release-windows-x86_64, r-oldrel-macos-arm64, r-oldrel-macos-x86_64, r-oldrel-windows-ix86+x86_64