CRAN Package Check Results for Package webreadr

Last updated on 2021-12-06 15:52:25 CET.

Flavor Version Tinstall Tcheck Ttotal Status Flags
r-devel-linux-x86_64-debian-clang 0.4.0 19.85 52.40 72.25 OK
r-devel-linux-x86_64-debian-gcc 0.4.0 15.00 40.08 55.08 OK
r-devel-linux-x86_64-fedora-clang 0.4.0 105.50 NOTE
r-devel-linux-x86_64-fedora-gcc 0.4.0 81.33 NOTE
r-devel-windows-x86_64-new-UL 0.4.0 34.00 107.00 141.00 OK
r-devel-windows-x86_64-new-TK 0.4.0 OK
r-devel-windows-x86_64-old 0.4.0 29.00 61.00 90.00 OK
r-patched-linux-x86_64 0.4.0 13.01 38.63 51.64 OK
r-release-linux-x86_64 0.4.0 16.53 46.63 63.16 OK
r-release-macos-arm64 0.4.0 OK
r-release-macos-x86_64 0.4.0 OK
r-release-windows-ix86+x86_64 0.4.0 53.00 93.00 146.00 OK
r-oldrel-macos-x86_64 0.4.0 OK
r-oldrel-windows-ix86+x86_64 0.4.0 53.00 96.00 149.00 OK

Check Details

Version: 0.4.0
Check: compiled code
Result: NOTE
    File ‘webreadr/libs/webreadr.so’:
     Found no calls to: ‘R_registerRoutines’, ‘R_useDynamicSymbols’
    
    It is good practice to register native routines and to disable symbol
    search.
    
    See ‘Writing portable packages’ in the ‘Writing R Extensions’ manual.
Flavors: r-devel-linux-x86_64-fedora-clang, r-devel-linux-x86_64-fedora-gcc