Last updated on 2023-04-01 15:52:10 CEST.
Flavor | Version | Tinstall | Tcheck | Ttotal | Status | Flags |
---|---|---|---|---|---|---|
r-devel-linux-x86_64-debian-clang | 1.1-3 | 36.46 | 615.58 | 652.04 | OK | |
r-devel-linux-x86_64-debian-gcc | 1.1-3 | 28.14 | 445.31 | 473.45 | OK | |
r-devel-linux-x86_64-fedora-clang | 1.1-3 | 865.92 | NOTE | |||
r-devel-linux-x86_64-fedora-gcc | 1.1-3 | 846.35 | NOTE | |||
r-patched-linux-x86_64 | 1.1-3 | 33.80 | 574.49 | 608.29 | OK | |
r-release-linux-x86_64 | 1.1-3 | 34.82 | 584.89 | 619.71 | OK | |
r-release-macos-arm64 | 1.1-3 | 135.00 | OK | |||
r-release-macos-x86_64 | 1.1-3 | 245.00 | OK | |||
r-release-windows-x86_64 | 1.1-3 | 43.00 | 606.00 | 649.00 | OK | |
r-oldrel-macos-arm64 | 1.1-3 | 135.00 | OK | |||
r-oldrel-macos-x86_64 | 1.1-3 | 239.00 | OK | |||
r-oldrel-windows-ix86+x86_64 | 1.1-3 | 70.00 | 599.00 | 669.00 | OK |
Version: 1.1-3
Check: dependencies in R code
Result: NOTE
Namespace in Imports field not imported from: ‘Matrix’
All declared Imports should be used.
Flavors: r-devel-linux-x86_64-fedora-clang, r-devel-linux-x86_64-fedora-gcc