Last updated on 2023-04-02 03:51:48 CEST.
Flavor | Version | Tinstall | Tcheck | Ttotal | Status | Flags |
---|---|---|---|---|---|---|
r-devel-linux-x86_64-debian-clang | 0.2.5 | 8.42 | 48.96 | 57.38 | OK | |
r-devel-linux-x86_64-debian-gcc | 0.2.5 | 7.28 | 37.34 | 44.62 | OK | |
r-devel-linux-x86_64-fedora-clang | 0.2.5 | 72.50 | NOTE | |||
r-devel-linux-x86_64-fedora-gcc | 0.2.5 | 80.30 | NOTE | |||
r-patched-linux-x86_64 | 0.2.5 | 10.46 | 46.85 | 57.31 | OK | |
r-release-linux-x86_64 | 0.2.5 | 8.14 | 46.82 | 54.96 | OK | |
r-release-macos-arm64 | 0.2.5 | 25.00 | NOTE | |||
r-release-macos-x86_64 | 0.2.5 | 34.00 | NOTE | |||
r-release-windows-x86_64 | 0.2.5 | 51.00 | 99.00 | 150.00 | OK | |
r-oldrel-macos-arm64 | 0.2.5 | 22.00 | NOTE | |||
r-oldrel-macos-x86_64 | 0.2.5 | 37.00 | NOTE | |||
r-oldrel-windows-ix86+x86_64 | 0.2.5 | 19.00 | 76.00 | 95.00 | OK |
Version: 0.2.5
Check: dependencies in R code
Result: NOTE
Namespace in Imports field not imported from: ‘R6’
All declared Imports should be used.
Flavors: r-devel-linux-x86_64-fedora-clang, r-devel-linux-x86_64-fedora-gcc, r-release-macos-arm64, r-release-macos-x86_64, r-oldrel-macos-arm64, r-oldrel-macos-x86_64