CRAN Package Check Results for Package wTO

Last updated on 2022-01-27 15:53:52 CET.

Flavor Version Tinstall Tcheck Ttotal Status Flags
r-devel-linux-x86_64-debian-clang 1.6.3 6.05 75.47 81.52 NOTE
r-devel-linux-x86_64-debian-gcc 1.6.3 4.19 56.51 60.70 NOTE
r-devel-linux-x86_64-fedora-clang 1.6.3 93.19 NOTE
r-devel-linux-x86_64-fedora-gcc 1.6.3 82.32 NOTE
r-devel-windows-x86_64-new-UL 1.6.3 57.00 103.00 160.00 NOTE
r-devel-windows-x86_64-new-TK 1.6.3 NOTE
r-patched-linux-x86_64 1.6.3 4.95 70.45 75.40 NOTE
r-release-linux-x86_64 1.6.3 4.60 69.69 74.29 NOTE
r-release-macos-arm64 1.6.3 NOTE
r-release-macos-x86_64 1.6.3 NOTE
r-release-windows-ix86+x86_64 1.6.3 12.00 84.00 96.00 NOTE
r-oldrel-macos-x86_64 1.6.3 NOTE
r-oldrel-windows-ix86+x86_64 1.6.3 12.00 87.00 99.00 NOTE

Check Details

Version: 1.6.3
Check: package vignettes
Result: NOTE
    Package vignette with placeholder title 'Vignette Title':
     'wTOvignette.Rmd'
Flavors: r-devel-linux-x86_64-debian-clang, r-devel-linux-x86_64-debian-gcc, r-devel-windows-x86_64-new-UL, r-patched-linux-x86_64, r-release-linux-x86_64, r-release-windows-ix86+x86_64, r-oldrel-windows-ix86+x86_64

Version: 1.6.3
Check: dependencies in R code
Result: NOTE
    Namespace in Imports field not imported from: ‘shiny’
     All declared Imports should be used.
Flavors: r-devel-linux-x86_64-fedora-clang, r-devel-linux-x86_64-fedora-gcc, r-devel-windows-x86_64-new-TK, r-release-macos-arm64, r-release-macos-x86_64, r-oldrel-macos-x86_64