Last updated on 2023-02-08 15:52:58 CET.
Flavor | Version | Tinstall | Tcheck | Ttotal | Status | Flags |
---|---|---|---|---|---|---|
r-devel-linux-x86_64-debian-clang | 1.9.5 | 84.17 | 60.52 | 144.69 | NOTE | |
r-devel-linux-x86_64-debian-gcc | 1.9.5 | 58.32 | 46.27 | 104.59 | NOTE | |
r-devel-linux-x86_64-fedora-clang | 1.9.6 | 216.68 | OK | |||
r-devel-linux-x86_64-fedora-gcc | 1.9.6 | 206.82 | OK | |||
r-devel-windows-x86_64 | 1.9.5 | 72.00 | 149.00 | 221.00 | NOTE | |
r-patched-linux-x86_64 | 1.9.5 | 68.55 | 57.14 | 125.69 | OK | |
r-release-linux-x86_64 | 1.9.5 | 59.78 | 57.41 | 117.19 | OK | |
r-release-macos-arm64 | 1.9.5 | 51.00 | OK | |||
r-release-macos-x86_64 | 1.9.5 | 61.00 | OK | |||
r-release-windows-x86_64 | 1.9.5 | 68.00 | 149.00 | 217.00 | OK | |
r-oldrel-macos-arm64 | 1.9.5 | 55.00 | OK | |||
r-oldrel-macos-x86_64 | 1.9.5 | 87.00 | OK | |||
r-oldrel-windows-ix86+x86_64 | 1.9.5 | 189.00 | 127.00 | 316.00 | OK |
Version: 1.9.5
Check: C++ specification
Result: NOTE
Specified C++11: please update to current default of C++17
Flavors: r-devel-linux-x86_64-debian-clang, r-devel-windows-x86_64
Version: 1.9.5
Check: C++ specification
Result: NOTE
Specified C++11: please drop specification unless essential
Flavor: r-devel-linux-x86_64-debian-gcc