CRAN Package Check Results for Package vscc

Last updated on 2024-07-24 15:51:52 CEST.

Flavor Version Tinstall Tcheck Ttotal Status Flags
r-devel-linux-x86_64-debian-clang 0.7 7.36 111.97 119.33 OK
r-devel-linux-x86_64-debian-gcc 0.7 4.91 67.31 72.22 NOTE
r-devel-linux-x86_64-fedora-clang 0.7 151.60 OK
r-devel-linux-x86_64-fedora-gcc 0.7 121.97 OK
r-devel-windows-x86_64 0.7 8.00 94.00 102.00 NOTE
r-patched-linux-x86_64 0.7 11.16 92.40 103.56 OK
r-release-linux-x86_64 0.7 6.47 91.20 97.67 OK
r-release-macos-arm64 0.7 40.00 OK
r-release-macos-x86_64 0.7 61.00 OK
r-release-windows-x86_64 0.7 6.00 95.00 101.00 OK
r-oldrel-macos-arm64 0.7 43.00 OK
r-oldrel-macos-x86_64 0.7 95.00 OK
r-oldrel-windows-x86_64 0.7 8.00 103.00 111.00 OK

Check Details

Version: 0.7
Check: Rd cross-references
Result: NOTE Found the following Rd file(s) with Rd \link{} targets missing package anchors: vscc.Rd: teigen, Mclust Please provide package anchors for all Rd \link{} targets not in the package itself and the base packages. Flavors: r-devel-linux-x86_64-debian-gcc, r-devel-windows-x86_64