CRAN Package Check Results for Package voxel

Last updated on 2024-07-22 03:49:32 CEST.

Flavor Version Tinstall Tcheck Ttotal Status Flags
r-devel-linux-x86_64-debian-clang 1.3.5 14.28 152.63 166.91 NOTE
r-devel-linux-x86_64-debian-gcc 1.3.5 11.63 112.14 123.77 NOTE
r-devel-linux-x86_64-fedora-clang 1.3.5 214.41 NOTE
r-devel-linux-x86_64-fedora-gcc 1.3.5 193.11 NOTE
r-devel-windows-x86_64 1.3.5 14.00 125.00 139.00 NOTE
r-patched-linux-x86_64 1.3.5 17.82 143.11 160.93 NOTE
r-release-linux-x86_64 1.3.5 14.12 144.59 158.71 NOTE
r-release-macos-arm64 1.3.5 60.00 NOTE
r-release-macos-x86_64 1.3.5 97.00 NOTE
r-release-windows-x86_64 1.3.5 14.00 125.00 139.00 NOTE
r-oldrel-macos-arm64 1.3.5 66.00 NOTE
r-oldrel-macos-x86_64 1.3.5 99.00 NOTE
r-oldrel-windows-x86_64 1.3.5 18.00 155.00 173.00 NOTE

Check Details

Version: 1.3.5
Check: package subdirectories
Result: NOTE Problems with news in ‘NEWS.md’: No news entries found. Flavors: r-devel-linux-x86_64-debian-clang, r-devel-linux-x86_64-debian-gcc, r-devel-linux-x86_64-fedora-clang, r-devel-linux-x86_64-fedora-gcc, r-devel-windows-x86_64, r-patched-linux-x86_64, r-release-linux-x86_64, r-release-macos-arm64, r-release-macos-x86_64, r-release-windows-x86_64, r-oldrel-macos-arm64, r-oldrel-macos-x86_64, r-oldrel-windows-x86_64

Version: 1.3.5
Check: LazyData
Result: NOTE 'LazyData' is specified without a 'data' directory Flavors: r-devel-linux-x86_64-debian-clang, r-devel-linux-x86_64-debian-gcc, r-devel-linux-x86_64-fedora-clang, r-devel-linux-x86_64-fedora-gcc, r-devel-windows-x86_64, r-patched-linux-x86_64, r-release-linux-x86_64, r-release-macos-arm64, r-release-macos-x86_64, r-release-windows-x86_64, r-oldrel-macos-arm64, r-oldrel-macos-x86_64, r-oldrel-windows-x86_64

Version: 1.3.5
Check: dependencies in R code
Result: NOTE Namespace in Imports field not imported from: ‘methods’ All declared Imports should be used. Flavors: r-devel-linux-x86_64-fedora-clang, r-devel-linux-x86_64-fedora-gcc