CRAN Package Check Results for Package vov

Last updated on 2024-07-19 03:57:35 CEST.

Flavor Version Tinstall Tcheck Ttotal Status Flags
r-devel-linux-x86_64-debian-clang 0.1.2 2.46 32.88 35.34 NOTE
r-devel-linux-x86_64-debian-gcc 0.1.2 2.64 25.02 27.66 NOTE
r-devel-linux-x86_64-fedora-clang 0.1.2 47.64 NOTE
r-devel-linux-x86_64-fedora-gcc 0.1.2 43.41 NOTE
r-devel-windows-x86_64 0.1.2 5.00 59.00 64.00 NOTE
r-patched-linux-x86_64 0.1.2 4.50 31.52 36.02 NOTE
r-release-linux-x86_64 0.1.2 3.50 32.16 35.66 NOTE
r-release-macos-arm64 0.1.2 21.00 NOTE
r-release-macos-x86_64 0.1.2 27.00 NOTE
r-release-windows-x86_64 0.1.2 4.00 58.00 62.00 NOTE
r-oldrel-macos-arm64 0.1.2 19.00 NOTE
r-oldrel-macos-x86_64 0.1.2 26.00 NOTE
r-oldrel-windows-x86_64 0.1.2 5.00 62.00 67.00 NOTE

Check Details

Version: 0.1.2
Check: LazyData
Result: NOTE 'LazyData' is specified without a 'data' directory Flavors: r-devel-linux-x86_64-debian-clang, r-devel-linux-x86_64-debian-gcc, r-devel-linux-x86_64-fedora-clang, r-devel-linux-x86_64-fedora-gcc, r-devel-windows-x86_64, r-patched-linux-x86_64, r-release-linux-x86_64, r-release-macos-arm64, r-release-macos-x86_64, r-release-windows-x86_64, r-oldrel-macos-arm64, r-oldrel-macos-x86_64, r-oldrel-windows-x86_64