CRAN Package Check Results for Package vivo

Last updated on 2024-07-15 03:49:44 CEST.

Flavor Version Tinstall Tcheck Ttotal Status Flags
r-devel-linux-x86_64-debian-clang 0.2.1 6.69 92.19 98.88 NOTE
r-devel-linux-x86_64-debian-gcc 0.2.1 4.66 71.46 76.12 NOTE
r-devel-linux-x86_64-fedora-clang 0.2.1 125.83 NOTE
r-devel-linux-x86_64-fedora-gcc 0.2.1 136.20 NOTE
r-devel-windows-x86_64 0.2.1 6.00 92.00 98.00 NOTE
r-patched-linux-x86_64 0.2.1 4.78 90.93 95.71 NOTE
r-release-linux-x86_64 0.2.1 3.84 90.88 94.72 NOTE
r-release-macos-arm64 0.2.1 57.00 NOTE
r-release-macos-x86_64 0.2.1 75.00 NOTE
r-release-windows-x86_64 0.2.1 7.00 93.00 100.00 NOTE
r-oldrel-macos-arm64 0.2.1 63.00 NOTE
r-oldrel-macos-x86_64 0.2.1 81.00 NOTE
r-oldrel-windows-x86_64 0.2.1 8.00 103.00 111.00 NOTE

Check Details

Version: 0.2.1
Check: LazyData
Result: NOTE 'LazyData' is specified without a 'data' directory Flavors: r-devel-linux-x86_64-debian-clang, r-devel-linux-x86_64-debian-gcc, r-devel-linux-x86_64-fedora-clang, r-devel-linux-x86_64-fedora-gcc, r-devel-windows-x86_64, r-patched-linux-x86_64, r-release-linux-x86_64, r-release-macos-arm64, r-release-macos-x86_64, r-release-windows-x86_64, r-oldrel-macos-arm64, r-oldrel-macos-x86_64, r-oldrel-windows-x86_64