CRAN Package Check Results for Package viscomplexr

Last updated on 2024-07-15 03:49:43 CEST.

Flavor Version Tinstall Tcheck Ttotal Status Flags
r-devel-linux-x86_64-debian-clang 1.1.1 25.92 97.21 123.13 NOTE
r-devel-linux-x86_64-debian-gcc 1.1.1 14.63 74.15 88.78 NOTE
r-devel-linux-x86_64-fedora-clang 1.1.1 158.45 NOTE
r-devel-linux-x86_64-fedora-gcc 1.1.1 164.25 NOTE
r-devel-windows-x86_64 1.1.1 19.00 98.00 117.00 NOTE
r-patched-linux-x86_64 1.1.1 17.16 95.02 112.18 NOTE
r-release-linux-x86_64 1.1.1 18.17 92.97 111.14 NOTE
r-release-macos-arm64 1.1.1 46.00 NOTE
r-release-macos-x86_64 1.1.1 69.00 NOTE
r-release-windows-x86_64 1.1.1 19.00 99.00 118.00 NOTE
r-oldrel-macos-arm64 1.1.1 49.00 OK
r-oldrel-macos-x86_64 1.1.1 72.00 OK
r-oldrel-windows-x86_64 1.1.1 25.00 114.00 139.00 OK

Check Details

Version: 1.1.1
Check: Rd files
Result: NOTE checkRd: (-1) phasePortrait.Rd:350: Lost braces; missing escapes or markup? 350 | \code{vMod = xMod^(1/lambda)} and {vArg = xArg^(1/lambda)}\cr\cr | ^ Flavors: r-devel-linux-x86_64-debian-clang, r-devel-linux-x86_64-debian-gcc, r-devel-linux-x86_64-fedora-clang, r-devel-linux-x86_64-fedora-gcc, r-devel-windows-x86_64, r-patched-linux-x86_64, r-release-linux-x86_64, r-release-macos-arm64, r-release-macos-x86_64, r-release-windows-x86_64