CRAN Package Check Results for Package visae

Last updated on 2021-10-24 15:51:22 CEST.

Flavor Version Tinstall Tcheck Ttotal Status Flags
r-devel-linux-x86_64-debian-clang 0.1.0 6.21 58.99 65.20 NOTE
r-devel-linux-x86_64-debian-gcc 0.1.0 5.27 44.50 49.77 NOTE
r-devel-linux-x86_64-fedora-clang 0.1.0 88.61 NOTE
r-devel-linux-x86_64-fedora-gcc 0.1.0 74.77 NOTE
r-devel-windows-x86_64 0.1.0 11.00 85.00 96.00 NOTE
r-devel-windows-x86_64-gcc10-UCRT 0.1.0 NOTE
r-patched-linux-x86_64 0.1.0 6.79 54.65 61.44 NOTE
r-patched-solaris-x86 0.1.0 114.30 NOTE
r-release-linux-x86_64 0.1.0 6.80 55.56 62.36 NOTE
r-release-macos-arm64 0.1.0 NOTE
r-release-macos-x86_64 0.1.0 NOTE
r-release-windows-ix86+x86_64 0.1.0 14.00 76.00 90.00 NOTE
r-oldrel-macos-x86_64 0.1.0 OK
r-oldrel-windows-ix86+x86_64 0.1.0 18.00 83.00 101.00 OK

Check Details

Version: 0.1.0
Check: LazyData
Result: NOTE
     'LazyData' is specified without a 'data' directory
Flavors: r-devel-linux-x86_64-debian-clang, r-devel-linux-x86_64-debian-gcc, r-devel-linux-x86_64-fedora-clang, r-devel-linux-x86_64-fedora-gcc, r-devel-windows-x86_64, r-devel-windows-x86_64-gcc10-UCRT, r-patched-linux-x86_64, r-patched-solaris-x86, r-release-linux-x86_64, r-release-macos-arm64, r-release-macos-x86_64, r-release-windows-ix86+x86_64