CRAN Package Check Results for Package visa

Last updated on 2024-07-19 03:57:35 CEST.

Flavor Version Tinstall Tcheck Ttotal Status Flags
r-devel-linux-x86_64-debian-clang 0.1.0 12.31 127.43 139.74 NOTE
r-devel-linux-x86_64-debian-gcc 0.1.0 11.04 95.84 106.88 NOTE
r-devel-linux-x86_64-fedora-clang 0.1.0 191.29 NOTE
r-devel-linux-x86_64-fedora-gcc 0.1.0 176.86 NOTE
r-devel-windows-x86_64 0.1.0 13.00 110.00 123.00 NOTE
r-patched-linux-x86_64 0.1.0 11.99 126.20 138.19 NOTE
r-release-linux-x86_64 0.1.0 9.50 121.76 131.26 NOTE
r-release-macos-arm64 0.1.0 55.00 NOTE
r-release-macos-x86_64 0.1.0 85.00 NOTE
r-release-windows-x86_64 0.1.0 14.00 111.00 125.00 NOTE
r-oldrel-macos-arm64 0.1.0 55.00 OK
r-oldrel-macos-x86_64 0.1.0 95.00 OK
r-oldrel-windows-x86_64 0.1.0 16.00 133.00 149.00 OK

Check Details

Version: 0.1.0
Check: Rd files
Result: NOTE checkRd: (-1) NSpec.DB.Rd:16: Lost braces; missing escapes or markup? 16 | ...{currently not used} | ^ checkRd: (-1) wavelength-methods.Rd:32: Lost braces; missing escapes or markup? 32 | A call to {new} returns a newly allocated object from the class identified by the first argument. | ^ Flavors: r-devel-linux-x86_64-debian-clang, r-devel-linux-x86_64-debian-gcc, r-devel-linux-x86_64-fedora-clang, r-devel-linux-x86_64-fedora-gcc, r-devel-windows-x86_64, r-patched-linux-x86_64, r-release-linux-x86_64, r-release-macos-arm64, r-release-macos-x86_64, r-release-windows-x86_64