CRAN Package Check Results for Package visR

Last updated on 2021-10-24 15:51:22 CEST.

Flavor Version Tinstall Tcheck Ttotal Status Flags
r-devel-linux-x86_64-debian-clang 0.2.0 4.34 120.83 125.17 OK
r-devel-linux-x86_64-debian-gcc 0.2.0 3.88 89.17 93.05 OK
r-devel-linux-x86_64-fedora-clang 0.2.0 153.81 NOTE
r-devel-linux-x86_64-fedora-gcc 0.2.0 142.42 NOTE
r-devel-windows-x86_64 0.2.0 9.00 164.00 173.00 OK
r-devel-windows-x86_64-gcc10-UCRT 0.2.0 NOTE
r-patched-linux-x86_64 0.2.0 5.93 122.87 128.80 OK
r-patched-solaris-x86 0.2.0 147.10 NOTE
r-release-linux-x86_64 0.2.0 4.27 123.35 127.62 OK
r-release-macos-arm64 0.2.0 NOTE
r-release-macos-x86_64 0.2.0 WARN
r-release-windows-ix86+x86_64 0.2.0 8.00 140.00 148.00 OK
r-oldrel-macos-x86_64 0.2.0 WARN
r-oldrel-windows-ix86+x86_64 0.2.0 11.00 171.00 182.00 OK

Check Details

Version: 0.2.0
Check: dependencies in R code
Result: NOTE
    Namespace in Imports field not imported from: ‘parcats’
     All declared Imports should be used.
Flavors: r-devel-linux-x86_64-fedora-clang, r-devel-linux-x86_64-fedora-gcc, r-devel-windows-x86_64-gcc10-UCRT, r-patched-solaris-x86, r-release-macos-arm64, r-release-macos-x86_64, r-oldrel-macos-x86_64

Version: 0.2.0
Check: re-building of vignette outputs
Result: WARN
    Error(s) in re-building vignettes:
    --- re-building ‘CDISC_ADaM.Rmd’ using rmarkdown
    Warning in engine$weave(file, quiet = quiet, encoding = enc) :
     Pandoc (>= 1.12.3) not available. Falling back to R Markdown v1.
    --- finished re-building ‘CDISC_ADaM.Rmd’
    
    --- re-building ‘Consort_flow_diagram.Rmd’ using rmarkdown
    Warning in engine$weave(file, quiet = quiet, encoding = enc) :
     Pandoc (>= 1.12.3) not available. Falling back to R Markdown v1.
    --- finished re-building ‘Consort_flow_diagram.Rmd’
    
    --- re-building ‘Styling_KM_plots.Rmd’ using rmarkdown
    Warning in engine$weave(file, quiet = quiet, encoding = enc) :
     Pandoc (>= 1.12.3) not available. Falling back to R Markdown v1.
    --- finished re-building ‘Styling_KM_plots.Rmd’
    
    --- re-building ‘Time_to_event_analysis.Rmd’ using rmarkdown
    Warning in engine$weave(file, quiet = quiet, encoding = enc) :
     Pandoc (>= 1.12.3) not available. Falling back to R Markdown v1.
    Quitting from lines 101-105 (Time_to_event_analysis.Rmd)
    Error: processing vignette 'Time_to_event_analysis.Rmd' failed with diagnostics:
    invalid 'path' argument
    --- failed re-building ‘Time_to_event_analysis.Rmd’
    
    SUMMARY: processing the following file failed:
     ‘Time_to_event_analysis.Rmd’
    
    Error: Vignette re-building failed.
    Execution halted
Flavors: r-release-macos-x86_64, r-oldrel-macos-x86_64