CRAN Package Check Results for Package visNetwork

Last updated on 2021-11-30 15:52:38 CET.

Flavor Version Tinstall Tcheck Ttotal Status Flags
r-devel-linux-x86_64-debian-clang 2.1.0 11.74 68.21 79.95 OK
r-devel-linux-x86_64-debian-gcc 2.1.0 7.95 52.56 60.51 OK
r-devel-linux-x86_64-fedora-clang 2.1.0 110.09 NOTE
r-devel-linux-x86_64-fedora-gcc 2.1.0 94.33 OK
r-devel-windows-x86_64-new-UL 2.1.0 28.00 134.00 162.00 NOTE
r-devel-windows-x86_64-new-TK 2.1.0 OK
r-devel-windows-x86_64-old 2.1.0 17.00 73.00 90.00 NOTE
r-patched-linux-x86_64 2.1.0 13.53 65.95 79.48 OK
r-patched-solaris-x86 2.1.0 119.00 NOTE
r-release-linux-x86_64 2.1.0 10.08 66.23 76.31 OK
r-release-macos-arm64 2.1.0 NOTE
r-release-macos-x86_64 2.1.0 NOTE
r-release-windows-ix86+x86_64 2.1.0 18.00 74.00 92.00 NOTE
r-oldrel-macos-x86_64 2.1.0 NOTE
r-oldrel-windows-ix86+x86_64 2.1.0 13.00 70.00 83.00 NOTE

Check Details

Version: 2.1.0
Check: installed package size
Result: NOTE
     installed size is 11.4Mb
     sub-directories of 1Mb or more:
     doc 2.5Mb
     htmlwidgets 6.9Mb
Flavors: r-devel-linux-x86_64-fedora-clang, r-devel-windows-x86_64-new-UL, r-devel-windows-x86_64-old, r-patched-solaris-x86, r-release-macos-arm64, r-release-macos-x86_64, r-release-windows-ix86+x86_64, r-oldrel-macos-x86_64, r-oldrel-windows-ix86+x86_64