CRAN Package Check Results for Package vimpclust

Last updated on 2025-04-23 03:50:31 CEST.

Flavor Version Tinstall Tcheck Ttotal Status Flags
r-devel-linux-x86_64-debian-clang 0.1.0 5.02 226.87 231.89 OK
r-devel-linux-x86_64-debian-gcc 0.1.0 3.52 136.40 139.92 OK
r-devel-linux-x86_64-fedora-clang 0.1.0 362.44 NOTE
r-devel-linux-x86_64-fedora-gcc 0.1.0 359.74 NOTE
r-devel-windows-x86_64 0.1.0 9.00 203.00 212.00 OK
r-patched-linux-x86_64 0.1.0 5.49 212.74 218.23 OK
r-release-linux-x86_64 0.1.0 5.44 211.21 216.65 OK
r-release-macos-arm64 0.1.0 94.00 OK
r-release-macos-x86_64 0.1.0 189.00 OK
r-release-windows-x86_64 0.1.0 8.00 199.00 207.00 OK
r-oldrel-macos-arm64 0.1.0 96.00 OK
r-oldrel-macos-x86_64 0.1.0 155.00 OK
r-oldrel-windows-x86_64 0.1.0 10.00 280.00 290.00 OK

Check Details

Version: 0.1.0
Check: dependencies in R code
Result: NOTE Namespaces in Imports field not imported from: ‘mclust’ ‘rlang’ All declared Imports should be used. Flavors: r-devel-linux-x86_64-fedora-clang, r-devel-linux-x86_64-fedora-gcc