Last updated on 2023-01-28 15:50:43 CET.
Flavor | Version | Tinstall | Tcheck | Ttotal | Status | Flags |
---|---|---|---|---|---|---|
r-devel-linux-x86_64-debian-clang | 1.1.1 | 8.90 | 145.61 | 154.51 | OK | |
r-devel-linux-x86_64-debian-gcc | 1.1.1 | 7.73 | 107.93 | 115.66 | OK | |
r-devel-linux-x86_64-fedora-clang | 1.1.1 | 179.98 | NOTE | |||
r-devel-linux-x86_64-fedora-gcc | 1.1.1 | 180.72 | NOTE | |||
r-patched-linux-x86_64 | 1.1.1 | 7.93 | 133.95 | 141.88 | OK | |
r-release-linux-x86_64 | 1.1.1 | 6.45 | 133.67 | 140.12 | OK | |
r-release-macos-arm64 | 1.1.1 | 66.00 | NOTE | |||
r-release-macos-x86_64 | 1.1.1 | 80.00 | NOTE | |||
r-release-windows-x86_64 | 1.1.1 | 35.00 | 375.00 | 410.00 | OK | |
r-oldrel-macos-arm64 | 1.1.1 | 46.00 | NOTE | |||
r-oldrel-macos-x86_64 | 1.1.1 | 69.00 | NOTE | |||
r-oldrel-windows-ix86+x86_64 | 1.1.1 | 18.00 | 189.00 | 207.00 | OK |
Version: 1.1.1
Check: dependencies in R code
Result: NOTE
Namespaces in Imports field not imported from:
‘R6’ ‘readr’ ‘uuid’
All declared Imports should be used.
Flavors: r-devel-linux-x86_64-fedora-clang, r-devel-linux-x86_64-fedora-gcc, r-release-macos-arm64, r-release-macos-x86_64, r-oldrel-macos-arm64, r-oldrel-macos-x86_64