CRAN Package Check Results for Package vfcp

Last updated on 2022-01-26 15:53:08 CET.

Flavor Version Tinstall Tcheck Ttotal Status Flags
r-devel-linux-x86_64-debian-clang 1.4.0 10.34 94.39 104.73 NOTE
r-devel-linux-x86_64-debian-gcc 1.4.0 8.00 73.87 81.87 NOTE
r-devel-linux-x86_64-fedora-clang 1.4.0 122.93 NOTE
r-devel-linux-x86_64-fedora-gcc 1.4.0 116.90 NOTE
r-devel-windows-x86_64-new-UL 1.4.0 36.00 122.00 158.00 NOTE
r-devel-windows-x86_64-new-TK 1.4.0 NOTE
r-patched-linux-x86_64 1.4.0 7.69 90.74 98.43 NOTE
r-release-linux-x86_64 1.4.0 10.37 88.24 98.61 NOTE
r-release-macos-arm64 1.4.0 NOTE
r-release-macos-x86_64 1.4.0 NOTE
r-release-windows-ix86+x86_64 1.4.0 21.00 111.00 132.00 NOTE
r-oldrel-macos-x86_64 1.4.0 OK
r-oldrel-windows-ix86+x86_64 1.4.0 20.00 110.00 130.00 OK

Check Details

Version: 1.4.0
Check: LazyData
Result: NOTE
     'LazyData' is specified without a 'data' directory
Flavors: r-devel-linux-x86_64-debian-clang, r-devel-linux-x86_64-debian-gcc, r-devel-linux-x86_64-fedora-clang, r-devel-linux-x86_64-fedora-gcc, r-devel-windows-x86_64-new-UL, r-devel-windows-x86_64-new-TK, r-patched-linux-x86_64, r-release-linux-x86_64, r-release-macos-arm64, r-release-macos-x86_64, r-release-windows-ix86+x86_64