CRAN Package Check Results for Package vennLasso

Last updated on 2022-01-25 04:00:21 CET.

Flavor Version Tinstall Tcheck Ttotal Status Flags
r-devel-linux-x86_64-debian-clang 0.1.6 87.21 199.52 286.73 NOTE
r-devel-linux-x86_64-debian-gcc 0.1.6 68.92 153.99 222.91 NOTE
r-devel-linux-x86_64-fedora-clang 0.1.6 370.21 NOTE
r-devel-linux-x86_64-fedora-gcc 0.1.6 359.68 NOTE
r-devel-windows-x86_64-new-UL 0.1.6 107.00 265.00 372.00 NOTE
r-devel-windows-x86_64-new-TK 0.1.6 NOTE
r-patched-linux-x86_64 0.1.6 76.98 191.46 268.44 NOTE
r-release-linux-x86_64 0.1.6 79.32 190.51 269.83 NOTE
r-release-macos-arm64 0.1.6 NOTE
r-release-macos-x86_64 0.1.6 NOTE
r-release-windows-ix86+x86_64 0.1.6 170.00 298.00 468.00 NOTE
r-oldrel-macos-x86_64 0.1.6 NOTE
r-oldrel-windows-ix86+x86_64 0.1.6 170.00 301.00 471.00 OK

Check Details

Version: 0.1.6
Check: LazyData
Result: NOTE
     'LazyData' is specified without a 'data' directory
Flavors: r-devel-linux-x86_64-debian-clang, r-devel-linux-x86_64-debian-gcc, r-devel-linux-x86_64-fedora-clang, r-devel-linux-x86_64-fedora-gcc, r-devel-windows-x86_64-new-UL, r-devel-windows-x86_64-new-TK, r-patched-linux-x86_64, r-release-linux-x86_64, r-release-macos-arm64, r-release-macos-x86_64, r-release-windows-ix86+x86_64

Version: 0.1.6
Check: installed package size
Result: NOTE
     installed size is 22.7Mb
     sub-directories of 1Mb or more:
     libs 22.2Mb
Flavors: r-devel-linux-x86_64-fedora-clang, r-release-macos-arm64, r-release-macos-x86_64, r-oldrel-macos-x86_64