CRAN Package Check Results for Package velociraptr

Last updated on 2022-09-25 15:56:57 CEST.

Flavor Version Tinstall Tcheck Ttotal Status Flags
r-devel-linux-x86_64-debian-clang 1.1.0 2.46 25.19 27.65 NOTE
r-devel-linux-x86_64-debian-gcc 1.1.0 2.05 19.59 21.64 NOTE
r-devel-linux-x86_64-fedora-clang 1.1.0 43.56 NOTE
r-devel-linux-x86_64-fedora-gcc 1.1.0 45.45 NOTE
r-devel-windows-x86_64 1.1.0 13.00 52.00 65.00 NOTE
r-patched-linux-x86_64 1.1.0 2.51 23.96 26.47 NOTE
r-release-linux-x86_64 1.1.0 2.43 24.20 26.63 NOTE
r-release-macos-arm64 1.1.0 18.00 NOTE
r-release-macos-x86_64 1.1.0 23.00 NOTE
r-release-windows-x86_64 1.1.0 22.00 57.00 79.00 NOTE
r-oldrel-macos-arm64 1.1.0 20.00 NOTE
r-oldrel-macos-x86_64 1.1.0 32.00 NOTE
r-oldrel-windows-ix86+x86_64 1.1.0 6.00 56.00 62.00 NOTE

Check Details

Version: 1.1.0
Check: LazyData
Result: NOTE
     'LazyData' is specified without a 'data' directory
Flavors: r-devel-linux-x86_64-debian-clang, r-devel-linux-x86_64-debian-gcc, r-devel-linux-x86_64-fedora-clang, r-devel-linux-x86_64-fedora-gcc, r-devel-windows-x86_64, r-patched-linux-x86_64, r-release-linux-x86_64, r-release-macos-arm64, r-release-macos-x86_64, r-release-windows-x86_64, r-oldrel-macos-arm64, r-oldrel-macos-x86_64, r-oldrel-windows-ix86+x86_64