CRAN Package Check Results for Package vegclust

Last updated on 2021-11-30 15:52:37 CET.

Flavor Version Tinstall Tcheck Ttotal Status Flags
r-devel-linux-x86_64-debian-clang 2.0.0 11.61 115.48 127.09 OK
r-devel-linux-x86_64-debian-gcc 2.0.0 9.74 87.24 96.98 OK
r-devel-linux-x86_64-fedora-clang 2.0.0 174.46 NOTE
r-devel-linux-x86_64-fedora-gcc 2.0.0 154.73 OK
r-devel-windows-x86_64-new-UL 2.0.0 23.00 186.00 209.00 OK
r-devel-windows-x86_64-new-TK 2.0.0 OK
r-devel-windows-x86_64-old 2.0.0 19.00 113.00 132.00 OK
r-patched-linux-x86_64 2.0.0 12.65 113.21 125.86 OK
r-patched-solaris-x86 2.0.0 196.20 OK
r-release-linux-x86_64 2.0.0 11.89 114.14 126.03 OK
r-release-macos-arm64 2.0.0 OK
r-release-macos-x86_64 2.0.0 OK
r-release-windows-ix86+x86_64 2.0.0 24.00 112.00 136.00 OK
r-oldrel-macos-x86_64 2.0.0 OK
r-oldrel-windows-ix86+x86_64 2.0.0 19.00 110.00 129.00 OK

Check Details

Version: 2.0.0
Check: Rd cross-references
Result: NOTE
    Undeclared packages ‘mclust’, ‘e1071’ in Rd xrefs
Flavor: r-devel-linux-x86_64-fedora-clang