CRAN Package Check Results for Package vegawidget

Last updated on 2021-11-27 03:58:15 CET.

Flavor Version Tinstall Tcheck Ttotal Status Flags
r-devel-linux-x86_64-debian-clang 0.3.3 4.66 40.12 44.78 OK
r-devel-linux-x86_64-debian-gcc 0.3.3 2.44 31.64 34.08 OK
r-devel-linux-x86_64-fedora-clang 0.3.3 63.29 NOTE
r-devel-linux-x86_64-fedora-gcc 0.3.3 53.33 OK
r-devel-windows-x86_64-new-UL 0.3.3 17.00 91.00 108.00 OK
r-devel-windows-x86_64-new-TK 0.3.3 OK
r-devel-windows-x86_64-old 0.3.3 5.00 63.00 68.00 OK
r-patched-linux-x86_64 0.3.3 5.41 38.26 43.67 OK
r-patched-solaris-x86 0.3.3 81.30 NOTE
r-release-linux-x86_64 0.3.3 OK
r-release-macos-arm64 0.3.3 OK
r-release-macos-x86_64 0.3.3 OK
r-release-windows-ix86+x86_64 0.3.3 10.00 46.00 56.00 OK
r-oldrel-macos-x86_64 0.3.3 OK
r-oldrel-windows-ix86+x86_64 0.3.3 7.00 47.00 54.00 OK

Check Details

Version: 0.3.3
Check: Rd cross-references
Result: NOTE
    Undeclared package ‘vctrs’ in Rd xrefs
Flavor: r-devel-linux-x86_64-fedora-clang

Version: 0.3.3
Check: package dependencies
Result: NOTE
    Package suggested but not available for checking: ‘rsvg’
Flavor: r-patched-solaris-x86