CRAN Package Check Results for Package veccompare

Last updated on 2022-09-30 04:59:25 CEST.

Flavor Version Tinstall Tcheck Ttotal Status Flags
r-devel-linux-x86_64-debian-clang 0.1.0 2.25 36.61 38.86 OK
r-devel-linux-x86_64-debian-gcc 0.1.0 1.95 27.48 29.43 OK
r-devel-linux-x86_64-fedora-clang 0.1.0 60.81 NOTE
r-devel-linux-x86_64-fedora-gcc 0.1.0 59.57 NOTE
r-devel-windows-x86_64 0.1.0 68.00 68.00 136.00 OK
r-patched-linux-x86_64 0.1.0 2.39 34.28 36.67 OK
r-release-linux-x86_64 0.1.0 2.01 34.67 36.68 OK
r-release-macos-arm64 0.1.0 20.00 NOTE
r-release-macos-x86_64 0.1.0 28.00 NOTE
r-release-windows-x86_64 0.1.0 12.00 60.00 72.00 OK
r-oldrel-macos-arm64 0.1.0 21.00 NOTE
r-oldrel-macos-x86_64 0.1.0 35.00 NOTE
r-oldrel-windows-ix86+x86_64 0.1.0 10.00 60.00 70.00 OK

Check Details

Version: 0.1.0
Check: dependencies in R code
Result: NOTE
    Namespace in Imports field not imported from: ‘pander’
     All declared Imports should be used.
Flavors: r-devel-linux-x86_64-fedora-clang, r-devel-linux-x86_64-fedora-gcc, r-release-macos-arm64, r-release-macos-x86_64, r-oldrel-macos-arm64, r-oldrel-macos-x86_64