CRAN Package Check Results for Package veccompare

Last updated on 2022-01-25 15:54:35 CET.

Flavor Version Tinstall Tcheck Ttotal Status Flags
r-devel-linux-x86_64-debian-clang 0.1.0 2.32 42.18 44.50 OK
r-devel-linux-x86_64-debian-gcc 0.1.0 2.35 32.27 34.62 OK
r-devel-linux-x86_64-fedora-clang 0.1.0 57.17 NOTE
r-devel-linux-x86_64-fedora-gcc 0.1.0 43.67 NOTE
r-devel-windows-x86_64-new-UL 0.1.0 59.00 81.00 140.00 OK
r-devel-windows-x86_64-new-TK 0.1.0 NOTE
r-patched-linux-x86_64 0.1.0 2.80 39.48 42.28 OK
r-release-linux-x86_64 0.1.0 2.64 39.57 42.21 OK
r-release-macos-arm64 0.1.0 NOTE
r-release-macos-x86_64 0.1.0 NOTE
r-release-windows-ix86+x86_64 0.1.0 7.00 51.00 58.00 OK
r-oldrel-macos-x86_64 0.1.0 NOTE
r-oldrel-windows-ix86+x86_64 0.1.0 8.00 52.00 60.00 OK

Check Details

Version: 0.1.0
Check: dependencies in R code
Result: NOTE
    Namespace in Imports field not imported from: ‘pander’
     All declared Imports should be used.
Flavors: r-devel-linux-x86_64-fedora-clang, r-devel-linux-x86_64-fedora-gcc, r-devel-windows-x86_64-new-TK, r-release-macos-arm64, r-release-macos-x86_64, r-oldrel-macos-x86_64