CRAN Package Check Results for Package vcdExtra

Last updated on 2024-06-13 03:49:39 CEST.

Flavor Version Tinstall Tcheck Ttotal Status Flags
r-devel-linux-x86_64-debian-clang 0.8-5 17.41 248.97 266.38 NOTE
r-devel-linux-x86_64-debian-gcc 0.8-5 0.65 1.96 2.61 ERROR
r-devel-linux-x86_64-fedora-clang 0.8-5 313.74 NOTE
r-devel-linux-x86_64-fedora-gcc 0.8-5 302.38 NOTE
r-devel-windows-x86_64 0.8-5 13.00 202.00 215.00 NOTE
r-patched-linux-x86_64 0.8-5 22.82 233.35 256.17 NOTE
r-release-linux-x86_64 0.8-5 9.75 232.42 242.17 NOTE
r-release-macos-arm64 0.8-5 106.00 NOTE
r-release-macos-x86_64 0.8-5 146.00 NOTE
r-release-windows-x86_64 0.8-5 15.00 204.00 219.00 NOTE
r-oldrel-macos-arm64 0.8-5 91.00 OK
r-oldrel-macos-x86_64 0.8-5 178.00 OK
r-oldrel-windows-x86_64 0.8-5 19.00 255.00 274.00 OK

Check Details

Version: 0.8-5
Check: Rd files
Result: NOTE checkRd: (-1) datasets.Rd:15: Lost braces 15 | and dimension information (\code{dim} or code{length}) of each item, | ^ Flavors: r-devel-linux-x86_64-debian-clang, r-devel-linux-x86_64-fedora-clang, r-devel-linux-x86_64-fedora-gcc, r-devel-windows-x86_64, r-patched-linux-x86_64, r-release-linux-x86_64, r-release-macos-arm64, r-release-macos-x86_64, r-release-windows-x86_64

Version: 0.8-5
Check: package dependencies
Result: ERROR Packages required but not available: 'dplyr', 'purrr', 'readxl', 'stringr', 'tidyr' Packages suggested but not available for checking: 'effects', 'ggplot2', 'car', 'AER', 'Hmisc' See section ‘The DESCRIPTION file’ in the ‘Writing R Extensions’ manual. Flavor: r-devel-linux-x86_64-debian-gcc

Version: 0.8-5
Check: Rd cross-references
Result: NOTE Undeclared package ‘factoextra’ in Rd xrefs Flavor: r-devel-linux-x86_64-fedora-clang