Last updated on 2022-06-30 03:53:38 CEST.
Flavor | Version | Tinstall | Tcheck | Ttotal | Status | Flags |
---|---|---|---|---|---|---|
r-devel-linux-x86_64-debian-clang | 0.8.5 | 61.91 | 61.07 | 122.98 | WARN | |
r-devel-linux-x86_64-debian-gcc | 0.8.5 | 48.41 | 47.70 | 96.11 | OK | |
r-devel-linux-x86_64-fedora-clang | 0.8.5 | 178.64 | WARN | |||
r-devel-linux-x86_64-fedora-gcc | 0.8.5 | 160.56 | OK | |||
r-devel-windows-x86_64 | 0.8.5 | 170.00 | 394.00 | 564.00 | NOTE | |
r-patched-linux-x86_64 | 0.8.5 | 53.61 | 60.71 | 114.32 | OK | |
r-release-linux-x86_64 | 0.8.5 | 50.66 | 60.82 | 111.48 | OK | |
r-release-macos-arm64 | 0.8.5 | 77.00 | NOTE | |||
r-release-macos-x86_64 | 0.8.5 | 27.00 | ERROR | |||
r-release-windows-x86_64 | 0.8.5 | 358.00 | 407.00 | 765.00 | NOTE | |
r-oldrel-macos-arm64 | 0.8.5 | 101.00 | NOTE | |||
r-oldrel-macos-x86_64 | 0.8.5 | 106.00 | NOTE | |||
r-oldrel-windows-ix86+x86_64 | 0.8.5 | 234.00 | 472.00 | 706.00 | NOTE |
Version: 0.8.5
Check: whether package can be installed
Result: WARN
Found the following significant warnings:
../inst/include/gdalgeometry/gdalgeometry.h:230:9: warning: use of bitwise '|' with boolean operands [-Wbitwise-instead-of-logical]
../inst/include/gdalgeometry/gdalgeometry.h:241:9: warning: use of bitwise '|' with boolean operands [-Wbitwise-instead-of-logical]
../inst/include/gdalgeometry/gdalgeometry.h:291:11: warning: use of bitwise '|' with boolean operands [-Wbitwise-instead-of-logical]
../inst/include/gdalgeometry/gdalgeometry.h:302:11: warning: use of bitwise '|' with boolean operands [-Wbitwise-instead-of-logical]
../inst/include/gdalgeometry/gdalgeometry.h:354:11: warning: use of bitwise '|' with boolean operands [-Wbitwise-instead-of-logical]
../inst/include/gdalgeometry/gdalgeometry.h:365:11: warning: use of bitwise '|' with boolean operands [-Wbitwise-instead-of-logical]
../inst/include/gdalgeometry/gdalgeometry.h:421:9: warning: use of bitwise '|' with boolean operands [-Wbitwise-instead-of-logical]
../inst/include/gdalgeometry/gdalgeometry.h:432:9: warning: use of bitwise '|' with boolean operands [-Wbitwise-instead-of-logical]
Flavors: r-devel-linux-x86_64-debian-clang, r-devel-linux-x86_64-fedora-clang
Version: 0.8.5
Check: installed package size
Result: NOTE
installed size is 58.0Mb
sub-directories of 1Mb or more:
extdata 1.0Mb
gdal 2.1Mb
libs 45.0Mb
proj 8.7Mb
Flavors: r-devel-windows-x86_64, r-release-macos-arm64, r-release-windows-x86_64, r-oldrel-macos-arm64, r-oldrel-macos-x86_64, r-oldrel-windows-ix86+x86_64
Version: 0.8.5
Check: whether package can be installed
Result: ERROR
Installation failed.
Flavor: r-release-macos-x86_64