Last updated on 2022-07-02 03:51:42 CEST.
Flavor | Version | Tinstall | Tcheck | Ttotal | Status | Flags |
---|---|---|---|---|---|---|
r-devel-linux-x86_64-debian-clang | 1.0.0 | 2.74 | 26.24 | 28.98 | NOTE | |
r-devel-linux-x86_64-debian-gcc | 1.0.0 | 2.31 | 20.35 | 22.66 | NOTE | |
r-devel-linux-x86_64-fedora-clang | 1.0.0 | 46.63 | NOTE | |||
r-devel-linux-x86_64-fedora-gcc | 1.0.0 | 45.09 | NOTE | |||
r-devel-windows-x86_64 | 1.0.0 | 41.00 | 66.00 | 107.00 | NOTE | |
r-patched-linux-x86_64 | 1.0.0 | 2.73 | 25.58 | 28.31 | NOTE | |
r-release-linux-x86_64 | 1.0.0 | 3.03 | 25.58 | 28.61 | NOTE | |
r-release-macos-arm64 | 1.0.0 | 16.00 | NOTE | |||
r-release-macos-x86_64 | 1.0.0 | 24.00 | NOTE | |||
r-release-windows-x86_64 | 1.0.0 | 62.00 | 59.00 | 121.00 | NOTE | |
r-oldrel-macos-arm64 | 1.0.0 | 20.00 | NOTE | |||
r-oldrel-macos-x86_64 | 1.0.0 | 30.00 | NOTE | |||
r-oldrel-windows-ix86+x86_64 | 1.0.0 | 8.00 | 46.00 | 54.00 | NOTE |
Version: 1.0.0
Check: LazyData
Result: NOTE
'LazyData' is specified without a 'data' directory
Flavors: r-devel-linux-x86_64-debian-clang, r-devel-linux-x86_64-debian-gcc, r-devel-linux-x86_64-fedora-clang, r-devel-linux-x86_64-fedora-gcc, r-devel-windows-x86_64, r-patched-linux-x86_64, r-release-linux-x86_64, r-release-macos-arm64, r-release-macos-x86_64, r-release-windows-x86_64, r-oldrel-macos-arm64, r-oldrel-macos-x86_64, r-oldrel-windows-ix86+x86_64