CRAN Package Check Results for Package vaersvax

Last updated on 2022-01-19 04:48:40 CET.

Flavor Version Tinstall Tcheck Ttotal Status Flags
r-devel-linux-x86_64-debian-clang 1.0.5 1.30 29.80 31.10 NOTE
r-devel-linux-x86_64-debian-gcc 1.0.5 1.38 24.00 25.38 NOTE
r-devel-linux-x86_64-fedora-clang 1.0.5 39.74 NOTE
r-devel-linux-x86_64-fedora-gcc 1.0.5 27.65 NOTE
r-devel-windows-x86_64-new-UL 1.0.5 18.00 55.00 73.00 NOTE
r-devel-windows-x86_64-new-TK 1.0.5 NOTE
r-patched-linux-x86_64 1.0.5 1.97 29.34 31.31 NOTE
r-release-linux-x86_64 1.0.5 NOTE
r-release-macos-arm64 1.0.5 NOTE
r-release-macos-x86_64 1.0.5 NOTE
r-release-windows-ix86+x86_64 1.0.5 5.00 38.00 43.00 NOTE
r-oldrel-macos-x86_64 1.0.5 NOTE
r-oldrel-windows-ix86+x86_64 1.0.5 6.00 39.00 45.00 NOTE

Check Details

Version: 1.0.5
Check: package dependencies
Result: NOTE
    Packages suggested but not available for checking: 'vaers', 'vaersND'
Flavors: r-devel-linux-x86_64-debian-clang, r-devel-linux-x86_64-debian-gcc, r-devel-linux-x86_64-fedora-clang, r-devel-linux-x86_64-fedora-gcc, r-devel-windows-x86_64-new-UL, r-devel-windows-x86_64-new-TK, r-patched-linux-x86_64, r-release-linux-x86_64, r-release-macos-x86_64, r-release-windows-ix86+x86_64, r-oldrel-macos-x86_64, r-oldrel-windows-ix86+x86_64

Version: 1.0.5
Check: package dependencies
Result: NOTE
    Packages suggested but not available for checking:
     'vaersNDvax', 'vaers', 'vaersND'
Flavor: r-release-macos-arm64