CRAN Package Check Results for Package uwot

Last updated on 2024-06-20 15:50:12 CEST.

Flavor Version Tinstall Tcheck Ttotal Status Flags
r-devel-linux-x86_64-debian-clang 0.2.2 103.09 259.21 362.30 OK
r-devel-linux-x86_64-debian-gcc 0.2.2 79.99 213.14 293.13 OK
r-devel-linux-x86_64-fedora-clang 0.2.2 486.03 OK
r-devel-linux-x86_64-fedora-gcc 0.2.2 486.70 OK
r-devel-windows-x86_64 0.2.2 86.00 243.00 329.00 OK
r-patched-linux-x86_64 0.2.2 94.54 251.43 345.97 OK
r-release-linux-x86_64 0.2.2 95.98 254.60 350.58 OK
r-release-macos-arm64 0.2.2 153.00 NOTE
r-release-macos-x86_64 0.2.2 179.00 NOTE
r-release-windows-x86_64 0.2.2 85.00 254.00 339.00 OK
r-oldrel-macos-arm64 0.2.2 152.00 ERROR
r-oldrel-macos-x86_64 0.2.2 314.00 NOTE
r-oldrel-windows-x86_64 0.2.2 104.00 307.00 411.00 OK

Check Details

Version: 0.2.2
Check: installed package size
Result: NOTE installed size is 13.8Mb sub-directories of 1Mb or more: libs 12.8Mb Flavors: r-release-macos-arm64, r-release-macos-x86_64, r-oldrel-macos-arm64, r-oldrel-macos-x86_64

Version: 0.2.2
Check: tests
Result: ERROR Running ‘testthat.R’ [41s/45s] Running the tests in ‘tests/testthat.R’ failed. Last 13 lines of output: Error in `irlba::irlba(L, nv = n, nu = 0, maxit = iters)`: function 'as_cholmod_sparse' not provided by package 'Matrix' Backtrace: ▆ 1. └─uwot::umap(...) at test_output.R:315:3 2. └─uwot:::uwot(...) 3. └─uwot:::spectral_init(...) 4. └─uwot:::irlba_tsvd_normalized_laplacian_init(A, ndim, verbose = FALSE) 5. └─uwot:::irlba_spectral_tsvd(L, ndim + 1) 6. ├─base::suppressWarnings(...) 7. │ └─base::withCallingHandlers(...) 8. └─irlba::irlba(L, nv = n, nu = 0, maxit = iters) [ FAIL 2 | WARN 0 | SKIP 0 | PASS 683 ] Error: Test failures Execution halted Flavor: r-oldrel-macos-arm64