CRAN Package Check Results for Package usmap

Last updated on 2022-09-30 04:59:24 CEST.

Flavor Version Tinstall Tcheck Ttotal Status Flags
r-devel-linux-x86_64-debian-clang 0.6.0 1.91 76.06 77.97 OK
r-devel-linux-x86_64-debian-gcc 0.6.0 2.48 58.06 60.54 OK
r-devel-linux-x86_64-fedora-clang 0.6.0 106.47 NOTE
r-devel-linux-x86_64-fedora-gcc 0.6.0 107.13 NOTE
r-devel-windows-x86_64 0.6.0 20.00 130.00 150.00 OK
r-patched-linux-x86_64 0.6.0 2.57 73.18 75.75 OK
r-release-linux-x86_64 0.6.0 2.87 71.75 74.62 OK
r-release-macos-arm64 0.6.0 38.00 NOTE
r-release-macos-x86_64 0.6.0 51.00 NOTE
r-release-windows-x86_64 0.6.0 21.00 126.00 147.00 OK
r-oldrel-macos-arm64 0.6.0 42.00 NOTE
r-oldrel-macos-x86_64 0.6.0 52.00 NOTE
r-oldrel-windows-ix86+x86_64 0.6.0 12.00 111.00 123.00 OK

Check Details

Version: 0.6.0
Check: data for non-ASCII characters
Result: NOTE
     Note: found 1 marked UTF-8 string
Flavors: r-devel-linux-x86_64-fedora-clang, r-devel-linux-x86_64-fedora-gcc, r-release-macos-arm64, r-release-macos-x86_64, r-oldrel-macos-arm64, r-oldrel-macos-x86_64