CRAN Package Check Results for Package usmap

Last updated on 2022-01-28 15:53:29 CET.

Flavor Version Tinstall Tcheck Ttotal Status Flags
r-devel-linux-x86_64-debian-clang 0.5.2 3.72 83.82 87.54 OK
r-devel-linux-x86_64-debian-gcc 0.5.2 2.51 62.57 65.08 OK
r-devel-linux-x86_64-fedora-clang 0.5.2 97.24 NOTE
r-devel-linux-x86_64-fedora-gcc 0.5.2 84.74 NOTE
r-devel-windows-x86_64-new-UL 0.5.2 45.00 129.00 174.00 NOTE
r-devel-windows-x86_64-new-TK 0.5.2 NOTE
r-patched-linux-x86_64 0.5.2 3.06 72.50 75.56 OK
r-release-linux-x86_64 0.5.2 3.17 74.28 77.45 OK
r-release-macos-arm64 0.5.2 NOTE
r-release-macos-x86_64 0.5.2 NOTE
r-release-windows-ix86+x86_64 0.5.2 8.00 97.00 105.00 NOTE
r-oldrel-macos-x86_64 0.5.2 NOTE
r-oldrel-windows-ix86+x86_64 0.5.2 8.00 98.00 106.00 NOTE

Check Details

Version: 0.5.2
Check: installed package size
Result: NOTE
     installed size is 8.4Mb
     sub-directories of 1Mb or more:
     doc 1.7Mb
     extdata 6.4Mb
Flavors: r-devel-linux-x86_64-fedora-clang, r-devel-windows-x86_64-new-UL, r-release-macos-arm64, r-release-macos-x86_64, r-release-windows-ix86+x86_64, r-oldrel-macos-x86_64, r-oldrel-windows-ix86+x86_64

Version: 0.5.2
Check: data for non-ASCII characters
Result: NOTE
     Note: found 1 marked UTF-8 string
Flavors: r-devel-linux-x86_64-fedora-clang, r-devel-linux-x86_64-fedora-gcc, r-devel-windows-x86_64-new-TK, r-release-macos-arm64, r-release-macos-x86_64, r-oldrel-macos-x86_64