CRAN Package Check Results for Package usedthese

Last updated on 2024-07-19 03:57:34 CEST.

Flavor Version Tinstall Tcheck Ttotal Status Flags
r-devel-linux-x86_64-debian-clang 0.5.0 8.07 96.40 104.47 OK
r-devel-linux-x86_64-debian-gcc 0.5.0 5.45 72.21 77.66 OK
r-devel-linux-x86_64-fedora-clang 0.5.0 128.71 OK
r-devel-linux-x86_64-fedora-gcc 0.5.0 133.29 OK
r-devel-windows-x86_64 0.5.0 10.00 95.00 105.00 OK
r-patched-linux-x86_64 0.5.0 6.61 91.03 97.64 OK
r-release-linux-x86_64 0.5.0 5.35 92.85 98.20 OK
r-release-macos-arm64 0.5.0 60.00 OK
r-release-macos-x86_64 0.5.0 117.00 OK
r-release-windows-x86_64 0.5.0 10.00 93.00 103.00 OK
r-oldrel-macos-arm64 0.5.0 58.00 ERROR
r-oldrel-macos-x86_64 0.5.0 109.00 ERROR
r-oldrel-windows-x86_64 0.5.0 10.00 105.00 115.00 OK

Check Details

Version: 0.5.0
Check: running R code from vignettes
Result: ERROR Errors in running code in vignettes: when running code in ‘usedthese.Rmd’ ... 2 x 4 5 1 5 > used_here() When sourcing ‘usedthese.R’: Error: `fil` must be either `current_input()` or a saved filename ℹ When knitting a qmd/Rmd, `fil` defaults to `current_input()`. ℹ When running a code chunk, quote a saved filename. ✖ You specified fil = . Execution halted ‘multipage.Rmd’ using ‘UTF-8’... [1s/5s] OK ‘usedthese.Rmd’ using ‘UTF-8’... failed Flavor: r-oldrel-macos-arm64

Version: 0.5.0
Check: running R code from vignettes
Result: ERROR Errors in running code in vignettes: when running code in ‘usedthese.Rmd’ ... 2 x 4 5 1 5 > used_here() When sourcing ‘usedthese.R’: Error: `fil` must be either `current_input()` or a saved filename ℹ When knitting a qmd/Rmd, `fil` defaults to `current_input()`. ℹ When running a code chunk, quote a saved filename. ✖ You specified fil = . Execution halted ‘multipage.Rmd’ using ‘UTF-8’... [3s/7s] OK ‘usedthese.Rmd’ using ‘UTF-8’... failed Flavor: r-oldrel-macos-x86_64